Last updated on 2025-02-21 02:52:09 CET.
Flavor | Version | Tinstall | Tcheck | Ttotal | Status | Flags |
---|---|---|---|---|---|---|
r-devel-linux-x86_64-debian-clang | 0.3.5 | 9.37 | 139.01 | 148.38 | NOTE | |
r-devel-linux-x86_64-debian-gcc | 0.3.5 | 6.60 | 95.88 | 102.48 | NOTE | |
r-devel-linux-x86_64-fedora-clang | 0.3.5 | 238.70 | NOTE | |||
r-devel-linux-x86_64-fedora-gcc | 0.3.5 | 246.38 | NOTE | |||
r-devel-macos-arm64 | 0.3.5 | 78.00 | NOTE | |||
r-devel-macos-x86_64 | 0.3.5 | 164.00 | NOTE | |||
r-devel-windows-x86_64 | 0.3.5 | 12.00 | 155.00 | 167.00 | NOTE | |
r-patched-linux-x86_64 | 0.3.5 | 8.67 | 125.55 | 134.22 | NOTE | |
r-release-linux-x86_64 | 0.3.5 | 8.12 | 134.19 | 142.31 | NOTE | |
r-release-macos-arm64 | 0.3.5 | 91.00 | NOTE | |||
r-release-macos-x86_64 | 0.3.5 | 178.00 | NOTE | |||
r-release-windows-x86_64 | 0.3.5 | 12.00 | 157.00 | 169.00 | NOTE | |
r-oldrel-macos-arm64 | 0.3.5 | 109.00 | NOTE | |||
r-oldrel-macos-x86_64 | 0.3.5 | 165.00 | NOTE | |||
r-oldrel-windows-x86_64 | 0.3.5 | 14.00 | 188.00 | 202.00 | NOTE |
Version: 0.3.5
Check: package subdirectories
Result: NOTE
Problems with news in ‘NEWS.md’:
No news entries found.
Flavors: r-devel-linux-x86_64-debian-clang, r-devel-linux-x86_64-debian-gcc, r-devel-linux-x86_64-fedora-clang, r-devel-linux-x86_64-fedora-gcc, r-devel-macos-arm64, r-devel-macos-x86_64, r-devel-windows-x86_64, r-patched-linux-x86_64, r-release-linux-x86_64, r-release-macos-arm64, r-release-macos-x86_64, r-release-windows-x86_64, r-oldrel-macos-arm64, r-oldrel-macos-x86_64, r-oldrel-windows-x86_64
Version: 0.3.5
Check: Rd files
Result: NOTE
checkRd: (-1) dnr.Rd:12: Escaped LaTeX specials: \#
Flavors: r-devel-linux-x86_64-debian-clang, r-devel-linux-x86_64-debian-gcc, r-devel-linux-x86_64-fedora-clang, r-devel-linux-x86_64-fedora-gcc, r-devel-macos-arm64, r-devel-macos-x86_64, r-devel-windows-x86_64, r-patched-linux-x86_64, r-release-linux-x86_64, r-release-macos-arm64, r-release-macos-x86_64, r-release-windows-x86_64, r-oldrel-macos-arm64, r-oldrel-macos-x86_64, r-oldrel-windows-x86_64