Last updated on 2025-02-18 02:50:34 CET.
Flavor | Version | Tinstall | Tcheck | Ttotal | Status | Flags |
---|---|---|---|---|---|---|
r-devel-linux-x86_64-debian-clang | 1.0.4 | 4.63 | 82.64 | 87.27 | OK | |
r-devel-linux-x86_64-debian-gcc | 1.0.4 | 3.09 | 66.09 | 69.18 | OK | |
r-devel-linux-x86_64-fedora-clang | 1.0.4 | 145.80 | OK | |||
r-devel-linux-x86_64-fedora-gcc | 1.0.4 | 150.42 | OK | |||
r-devel-macos-arm64 | 1.0.4 | 59.00 | OK | |||
r-devel-macos-x86_64 | 1.0.4 | 58.00 | ERROR | |||
r-devel-windows-x86_64 | 1.0.4 | 7.00 | 110.00 | 117.00 | OK | |
r-patched-linux-x86_64 | 1.0.4 | 3.97 | 78.40 | 82.37 | OK | |
r-release-linux-x86_64 | 1.0.4 | 4.32 | 79.40 | 83.72 | OK | |
r-release-macos-arm64 | 1.0.4 | 58.00 | OK | |||
r-release-macos-x86_64 | 1.0.4 | 82.00 | OK | |||
r-release-windows-x86_64 | 1.0.4 | 7.00 | 104.00 | 111.00 | OK | |
r-oldrel-macos-arm64 | 1.0.4 | 65.00 | OK | |||
r-oldrel-macos-x86_64 | 1.0.4 | 93.00 | OK | |||
r-oldrel-windows-x86_64 | 1.0.4 | 8.00 | 130.00 | 138.00 | OK |
Version: 1.0.4
Check: re-building of vignette outputs
Result: ERROR
Error(s) in re-building vignettes:
--- re-building ‘dobin.Rmd’ using rmarkdown
Quitting from lines 22-34 [load2] (dobin.Rmd)
Error: processing vignette 'dobin.Rmd' failed with diagnostics:
Package OutliersO3 is needed for the vignette. Please install it.
--- failed re-building ‘dobin.Rmd’
SUMMARY: processing the following file failed:
‘dobin.Rmd’
Error: Vignette re-building failed.
Execution halted
Flavor: r-devel-macos-x86_64