Last updated on 2025-02-21 02:52:09 CET.
Flavor | Version | Tinstall | Tcheck | Ttotal | Status | Flags |
---|---|---|---|---|---|---|
r-devel-linux-x86_64-debian-clang | 0.2.0 | 55.22 | 42.49 | 97.71 | NOTE | |
r-devel-linux-x86_64-debian-gcc | 0.2.0 | 40.87 | 30.71 | 71.58 | NOTE | |
r-devel-linux-x86_64-fedora-clang | 0.2.0 | 199.16 | NOTE | |||
r-devel-linux-x86_64-fedora-gcc | 0.2.0 | 184.74 | NOTE | |||
r-devel-macos-arm64 | 0.2.0 | 51.00 | NOTE | |||
r-devel-macos-x86_64 | 0.2.0 | 78.00 | NOTE | |||
r-devel-windows-x86_64 | 0.2.0 | 59.00 | 85.00 | 144.00 | NOTE | |
r-patched-linux-x86_64 | 0.2.0 | 59.24 | 37.61 | 96.85 | NOTE | |
r-release-linux-x86_64 | 0.2.0 | 60.07 | 40.14 | 100.21 | NOTE | |
r-release-macos-arm64 | 0.2.0 | 56.00 | NOTE | |||
r-release-macos-x86_64 | 0.2.0 | 76.00 | NOTE | |||
r-release-windows-x86_64 | 0.2.0 | 57.00 | 83.00 | 140.00 | NOTE | |
r-oldrel-macos-arm64 | 0.2.0 | 67.00 | NOTE | |||
r-oldrel-macos-x86_64 | 0.2.0 | 116.00 | NOTE | |||
r-oldrel-windows-x86_64 | 0.2.0 | 58.00 | 95.00 | 153.00 | NOTE |
Version: 0.2.0
Check: C++ specification
Result: NOTE
Specified C++11: please drop specification unless essential
Flavors: r-devel-linux-x86_64-debian-clang, r-devel-linux-x86_64-debian-gcc, r-devel-linux-x86_64-fedora-clang, r-devel-linux-x86_64-fedora-gcc, r-devel-macos-arm64, r-devel-macos-x86_64, r-devel-windows-x86_64, r-patched-linux-x86_64, r-release-linux-x86_64, r-release-macos-arm64, r-release-macos-x86_64, r-release-windows-x86_64, r-oldrel-macos-arm64, r-oldrel-macos-x86_64, r-oldrel-windows-x86_64
Version: 0.2.0
Check: installed package size
Result: NOTE
installed size is 7.2Mb
sub-directories of 1Mb or more:
data 4.8Mb
libs 2.3Mb
Flavors: r-release-macos-arm64, r-release-macos-x86_64, r-release-windows-x86_64, r-oldrel-macos-arm64, r-oldrel-macos-x86_64, r-oldrel-windows-x86_64