CRAN Package Check Results for Package docknitr

Last updated on 2025-02-21 02:52:09 CET.

Flavor Version Tinstall Tcheck Ttotal Status Flags
r-devel-linux-x86_64-debian-clang 1.0.1 1.82 23.29 25.11 OK
r-devel-linux-x86_64-debian-gcc 1.0.1 1.56 18.84 20.40 OK
r-devel-linux-x86_64-fedora-clang 1.0.1 41.26 OK
r-devel-linux-x86_64-fedora-gcc 1.0.1 52.14 OK
r-devel-macos-arm64 1.0.1 22.00 OK
r-devel-macos-x86_64 1.0.1 41.00 OK
r-devel-windows-x86_64 1.0.1 3.00 46.00 49.00 OK
r-patched-linux-x86_64 1.0.1 1.81 22.36 24.17 NOTE
r-release-linux-x86_64 1.0.1 1.80 22.22 24.02 NOTE
r-release-macos-arm64 1.0.1 21.00 NOTE
r-release-macos-x86_64 1.0.1 38.00 NOTE
r-release-windows-x86_64 1.0.1 3.00 45.00 48.00 NOTE
r-oldrel-macos-arm64 1.0.1 26.00 NOTE
r-oldrel-macos-x86_64 1.0.1 33.00 NOTE
r-oldrel-windows-x86_64 1.0.1 4.00 55.00 59.00 NOTE

Check Details

Version: 1.0.1
Check: LazyData
Result: NOTE 'LazyData' is specified without a 'data' directory Flavors: r-patched-linux-x86_64, r-release-linux-x86_64, r-release-macos-arm64, r-release-macos-x86_64, r-release-windows-x86_64, r-oldrel-macos-arm64, r-oldrel-macos-x86_64, r-oldrel-windows-x86_64