Last updated on 2025-02-21 02:52:09 CET.
Flavor | Version | Tinstall | Tcheck | Ttotal | Status | Flags |
---|---|---|---|---|---|---|
r-devel-linux-x86_64-debian-clang | 0.0.1 | 1.41 | 24.39 | 25.80 | OK | |
r-devel-linux-x86_64-debian-gcc | 0.0.1 | 1.38 | 18.63 | 20.01 | OK | |
r-devel-linux-x86_64-fedora-clang | 0.0.1 | 41.29 | NOTE | |||
r-devel-linux-x86_64-fedora-gcc | 0.0.1 | 39.66 | NOTE | |||
r-devel-macos-arm64 | 0.0.1 | 17.00 | OK | |||
r-devel-macos-x86_64 | 0.0.1 | 28.00 | OK | |||
r-devel-windows-x86_64 | 0.0.1 | 3.00 | 50.00 | 53.00 | OK | |
r-patched-linux-x86_64 | 0.0.1 | 1.48 | 23.07 | 24.55 | OK | |
r-release-linux-x86_64 | 0.0.1 | 1.48 | 22.69 | 24.17 | OK | |
r-release-macos-arm64 | 0.0.1 | 17.00 | OK | |||
r-release-macos-x86_64 | 0.0.1 | 27.00 | OK | |||
r-release-windows-x86_64 | 0.0.1 | 3.00 | 45.00 | 48.00 | OK | |
r-oldrel-macos-arm64 | 0.0.1 | 18.00 | OK | |||
r-oldrel-macos-x86_64 | 0.0.1 | 24.00 | OK | |||
r-oldrel-windows-x86_64 | 0.0.1 | 3.00 | 54.00 | 57.00 | OK |
Version: 0.0.1
Check: dependencies in R code
Result: NOTE
Namespace in Imports field not imported from: ‘R6’
All declared Imports should be used.
Flavors: r-devel-linux-x86_64-fedora-clang, r-devel-linux-x86_64-fedora-gcc