Last updated on 2025-02-21 02:52:09 CET.
Flavor | Version | Tinstall | Tcheck | Ttotal | Status | Flags |
---|---|---|---|---|---|---|
r-devel-linux-x86_64-debian-clang | 0.8.3 | 7.00 | 129.39 | 136.39 | NOTE | |
r-devel-linux-x86_64-debian-gcc | 0.8.3 | 4.29 | 91.36 | 95.65 | NOTE | |
r-devel-linux-x86_64-fedora-clang | 0.8.3 | 215.35 | NOTE | |||
r-devel-linux-x86_64-fedora-gcc | 0.8.3 | 219.37 | NOTE | |||
r-devel-macos-arm64 | 0.8.3 | 68.00 | OK | |||
r-devel-macos-x86_64 | 0.8.3 | 139.00 | NOTE | |||
r-devel-windows-x86_64 | 0.8.3 | 11.00 | 127.00 | 138.00 | NOTE | |
r-patched-linux-x86_64 | 0.8.3 | 6.92 | 120.74 | 127.66 | OK | |
r-release-linux-x86_64 | 0.8.3 | 6.23 | 121.00 | 127.23 | OK | |
r-release-macos-arm64 | 0.8.3 | 66.00 | OK | |||
r-release-macos-x86_64 | 0.8.3 | 116.00 | OK | |||
r-release-windows-x86_64 | 0.8.3 | 11.00 | 123.00 | 134.00 | OK | |
r-oldrel-macos-arm64 | 0.8.3 | 67.00 | OK | |||
r-oldrel-macos-x86_64 | 0.8.3 | 107.00 | OK | |||
r-oldrel-windows-x86_64 | 0.8.3 | 14.00 | 142.00 | 156.00 | OK |
Version: 0.8.3
Check: DESCRIPTION meta-information
Result: NOTE
Missing dependency on R >= 4.2.0 because package code uses the pipe
placeholder syntax added in R 4.2.0.
File(s) using such syntax:
‘dwplot.R’
Flavors: r-devel-linux-x86_64-debian-clang, r-devel-linux-x86_64-debian-gcc, r-devel-linux-x86_64-fedora-clang, r-devel-linux-x86_64-fedora-gcc, r-devel-windows-x86_64
Version: 0.8.3
Check: DESCRIPTION meta-information
Result: NOTE
Missing dependency on R >= 4.1.0 because package code uses the pipe
|> or function shorthand \(...) syntax added in R 4.1.0.
File(s) using such syntax:
‘dwplot.R’ ‘relabel_predictors.R’
Flavor: r-devel-macos-x86_64