Last updated on 2025-02-21 02:52:09 CET.
Flavor | Version | Tinstall | Tcheck | Ttotal | Status | Flags |
---|---|---|---|---|---|---|
r-devel-linux-x86_64-debian-clang | 2.3 | 51.44 | 578.40 | 629.84 | OK | |
r-devel-linux-x86_64-debian-gcc | 2.3 | 34.02 | 415.14 | 449.16 | OK | |
r-devel-linux-x86_64-fedora-clang | 2.3 | 1011.92 | OK | |||
r-devel-linux-x86_64-fedora-gcc | 2.3 | 1034.86 | OK | |||
r-devel-macos-arm64 | 2.3 | 281.00 | OK | |||
r-devel-macos-x86_64 | 2.3 | 516.00 | OK | |||
r-devel-windows-x86_64 | 2.3 | 51.00 | 573.00 | 624.00 | OK | |
r-patched-linux-x86_64 | 2.3 | 51.30 | 529.70 | 581.00 | OK | |
r-release-linux-x86_64 | 2.3 | 48.48 | 528.90 | 577.38 | OK | |
r-release-macos-arm64 | 2.3 | 196.00 | OK | |||
r-release-macos-x86_64 | 2.3 | 315.00 | NOTE | |||
r-release-windows-x86_64 | 2.3 | 51.00 | 577.00 | 628.00 | OK | |
r-oldrel-macos-arm64 | 2.3 | 255.00 | NOTE | |||
r-oldrel-macos-x86_64 | 2.3 | 330.00 | NOTE | |||
r-oldrel-windows-x86_64 | 2.3 | 72.00 | 710.00 | 782.00 | NOTE |
Version: 2.3
Check: package dependencies
Result: NOTE
Package suggested but not available for checking: ‘pwalign’
Flavors: r-release-macos-x86_64, r-oldrel-macos-arm64, r-oldrel-macos-x86_64, r-oldrel-windows-x86_64