Last updated on 2025-05-14 02:50:11 CEST.
Flavor | Version | Tinstall | Tcheck | Ttotal | Status | Flags |
---|---|---|---|---|---|---|
r-devel-linux-x86_64-debian-clang | 0.1 | 145.16 | 83.08 | 228.24 | OK | |
r-devel-linux-x86_64-debian-gcc | 0.1 | 100.22 | 56.83 | 157.05 | OK | |
r-devel-linux-x86_64-fedora-clang | 0.1 | 440.51 | OK | |||
r-devel-linux-x86_64-fedora-gcc | 0.1 | 507.66 | OK | |||
r-devel-windows-x86_64 | 0.1 | 149.00 | 109.00 | 258.00 | OK | |
r-patched-linux-x86_64 | 0.1 | 141.25 | 77.07 | 218.32 | OK | |
r-release-linux-x86_64 | 0.1 | 150.15 | 76.25 | 226.40 | OK | |
r-release-macos-arm64 | 0.1 | 85.00 | OK | |||
r-release-macos-x86_64 | 0.1 | 112.00 | OK | |||
r-release-windows-x86_64 | 0.1 | 147.00 | 114.00 | 261.00 | OK | |
r-oldrel-macos-arm64 | 0.1 | 76.00 | NOTE | |||
r-oldrel-macos-x86_64 | 0.1 | 103.00 | NOTE | |||
r-oldrel-windows-x86_64 | 0.1 | 144.00 | 139.00 | 283.00 | OK |
Version: 0.1
Check: installed package size
Result: NOTE
installed size is 9.4Mb
sub-directories of 1Mb or more:
libs 9.2Mb
Flavors: r-oldrel-macos-arm64, r-oldrel-macos-x86_64