Last updated on 2025-02-18 02:50:34 CET.
Flavor | Version | Tinstall | Tcheck | Ttotal | Status | Flags |
---|---|---|---|---|---|---|
r-devel-linux-x86_64-debian-clang | 1.0.1 | 9.32 | 72.82 | 82.14 | NOTE | |
r-devel-linux-x86_64-debian-gcc | 1.0.1 | 5.54 | 50.09 | 55.63 | NOTE | |
r-devel-linux-x86_64-fedora-clang | 1.0.1 | 138.13 | NOTE | |||
r-devel-linux-x86_64-fedora-gcc | 1.0.1 | 118.52 | NOTE | |||
r-devel-macos-arm64 | 1.0.1 | 61.00 | NOTE | |||
r-devel-macos-x86_64 | 1.0.1 | 113.00 | NOTE | |||
r-devel-windows-x86_64 | 1.0.1 | 11.00 | 130.00 | 141.00 | NOTE | |
r-patched-linux-x86_64 | 1.0.1 | 8.84 | 65.84 | 74.68 | NOTE | |
r-release-linux-x86_64 | 1.0.1 | 8.27 | 66.11 | 74.38 | NOTE | |
r-release-macos-arm64 | 1.0.1 | 59.00 | NOTE | |||
r-release-macos-x86_64 | 1.0.1 | 91.00 | NOTE | |||
r-release-windows-x86_64 | 1.0.1 | 10.00 | 133.00 | 143.00 | NOTE | |
r-oldrel-macos-arm64 | 1.0.1 | 58.00 | NOTE | |||
r-oldrel-macos-x86_64 | 1.0.1 | 116.00 | NOTE | |||
r-oldrel-windows-x86_64 | 1.0.1 | 14.00 | 183.00 | 197.00 | NOTE |
Version: 1.0.1
Check: package subdirectories
Result: NOTE
Problems with news in ‘NEWS.md’:
No news entries found.
Flavors: r-devel-linux-x86_64-debian-clang, r-devel-linux-x86_64-debian-gcc, r-devel-linux-x86_64-fedora-clang, r-devel-linux-x86_64-fedora-gcc, r-devel-macos-arm64, r-devel-macos-x86_64, r-devel-windows-x86_64, r-patched-linux-x86_64, r-release-linux-x86_64, r-release-macos-arm64, r-release-macos-x86_64, r-release-windows-x86_64, r-oldrel-macos-arm64, r-oldrel-macos-x86_64, r-oldrel-windows-x86_64