Last updated on 2025-02-20 14:50:50 CET.
Flavor | Version | Tinstall | Tcheck | Ttotal | Status | Flags |
---|---|---|---|---|---|---|
r-devel-linux-x86_64-debian-clang | 0.0.3 | 10.55 | 184.63 | 195.18 | NOTE | |
r-devel-linux-x86_64-debian-gcc | 0.0.3 | 7.26 | 112.20 | 119.46 | NOTE | |
r-devel-linux-x86_64-fedora-clang | 0.0.3 | 300.77 | NOTE | |||
r-devel-linux-x86_64-fedora-gcc | 0.0.3 | 269.49 | NOTE | |||
r-devel-macos-arm64 | 0.0.3 | 80.00 | NOTE | |||
r-devel-macos-x86_64 | 0.0.3 | 176.00 | NOTE | |||
r-devel-windows-x86_64 | 0.0.3 | 12.00 | 188.00 | 200.00 | NOTE | |
r-patched-linux-x86_64 | 0.0.3 | 10.48 | 177.83 | 188.31 | NOTE | |
r-release-linux-x86_64 | 0.0.3 | 9.90 | 191.75 | 201.65 | NOTE | |
r-release-macos-arm64 | 0.0.3 | 87.00 | NOTE | |||
r-release-macos-x86_64 | 0.0.3 | 134.00 | NOTE | |||
r-release-windows-x86_64 | 0.0.3 | 12.00 | 169.00 | 181.00 | WARN | |
r-oldrel-macos-arm64 | 0.0.3 | 88.00 | OK | |||
r-oldrel-macos-x86_64 | 0.0.3 | 166.00 | OK | |||
r-oldrel-windows-x86_64 | 0.0.3 | 17.00 | 241.00 | 258.00 | OK |
Version: 0.0.3
Check: Rd files
Result: NOTE
checkRd: (-1) popsize.Rd:70: Lost braces in \itemize; \value handles \item{}{} directly
checkRd: (-1) popsize.Rd:71: Lost braces in \itemize; \value handles \item{}{} directly
checkRd: (-1) popsize.Rd:72: Lost braces in \itemize; \value handles \item{}{} directly
checkRd: (-1) popsize.Rd:73: Lost braces in \itemize; \value handles \item{}{} directly
checkRd: (-1) popsize.Rd:74: Lost braces in \itemize; \value handles \item{}{} directly
checkRd: (-1) popsize.Rd:75: Lost braces in \itemize; \value handles \item{}{} directly
checkRd: (-1) popsize_cond.Rd:52: Lost braces in \itemize; \value handles \item{}{} directly
checkRd: (-1) popsize_cond.Rd:53: Lost braces in \itemize; \value handles \item{}{} directly
checkRd: (-1) popsize_cond.Rd:54: Lost braces in \itemize; \value handles \item{}{} directly
checkRd: (-1) popsize_cond.Rd:55: Lost braces in \itemize; \value handles \item{}{} directly
checkRd: (-1) popsize_cond.Rd:56: Lost braces in \itemize; \value handles \item{}{} directly
checkRd: (-1) popsize_cond.Rd:57: Lost braces in \itemize; \value handles \item{}{} directly
Flavors: r-devel-linux-x86_64-debian-clang, r-devel-linux-x86_64-debian-gcc, r-devel-linux-x86_64-fedora-clang, r-devel-linux-x86_64-fedora-gcc, r-devel-macos-arm64, r-devel-macos-x86_64, r-devel-windows-x86_64, r-patched-linux-x86_64, r-release-linux-x86_64, r-release-macos-arm64, r-release-macos-x86_64
Version: 0.0.3
Check: S3 generic/method consistency
Result: WARN
During startup - Warning message:
In read.table(file = file, header = header, sep = sep, quote = quote, :
cols = 6 != length(data) = 7
See section 'Generic functions and methods' in the 'Writing R
Extensions' manual.
Flavor: r-release-windows-x86_64
Version: 0.0.3
Check: replacement functions
Result: WARN
During startup - Warning message:
In read.table(file = file, header = header, sep = sep, quote = quote, :
cols = 6 != length(data) = 7
The argument of a replacement function which corresponds to the right
hand side must be named 'value'.
Flavor: r-release-windows-x86_64
Version: 0.0.3
Check: foreign function calls
Result: NOTE
During startup - Warning message:
In read.table(file = file, header = header, sep = sep, quote = quote, :
cols = 6 != length(data) = 7
See chapter 'System and foreign language interfaces' in the 'Writing R
Extensions' manual.
Flavor: r-release-windows-x86_64
Version: 0.0.3
Check: R code for possible problems
Result: NOTE
During startup - Warning message:
In read.table(file = file, header = header, sep = sep, quote = quote, :
cols = 6 != length(data) = 7
During startup - Warning message:
In read.table(file = file, header = header, sep = sep, quote = quote, :
cols = 6 != length(data) = 7
Warning in read.table(file = file, header = header, sep = sep, quote = quote, :
cols = 6 != length(data) = 7
Flavor: r-release-windows-x86_64
Version: 0.0.3
Check: Rd files
Result: WARN
During startup - Warning message:
In read.table(file = file, header = header, sep = sep, quote = quote, :
cols = 6 != length(data) = 7
checkRd: (-1) popsize.Rd:70: Lost braces in \itemize; \value handles \item{}{} directly
checkRd: (-1) popsize.Rd:71: Lost braces in \itemize; \value handles \item{}{} directly
checkRd: (-1) popsize.Rd:72: Lost braces in \itemize; \value handles \item{}{} directly
checkRd: (-1) popsize.Rd:73: Lost braces in \itemize; \value handles \item{}{} directly
checkRd: (-1) popsize.Rd:74: Lost braces in \itemize; \value handles \item{}{} directly
checkRd: (-1) popsize.Rd:75: Lost braces in \itemize; \value handles \item{}{} directly
checkRd: (-1) popsize_cond.Rd:52: Lost braces in \itemize; \value handles \item{}{} directly
checkRd: (-1) popsize_cond.Rd:53: Lost braces in \itemize; \value handles \item{}{} directly
checkRd: (-1) popsize_cond.Rd:54: Lost braces in \itemize; \value handles \item{}{} directly
checkRd: (-1) popsize_cond.Rd:55: Lost braces in \itemize; \value handles \item{}{} directly
checkRd: (-1) popsize_cond.Rd:56: Lost braces in \itemize; \value handles \item{}{} directly
checkRd: (-1) popsize_cond.Rd:57: Lost braces in \itemize; \value handles \item{}{} directly
Flavor: r-release-windows-x86_64
Version: 0.0.3
Check: Rd cross-references
Result: WARN
Warning in read.table(file = file, header = header, sep = sep, quote = quote, :
cols = 6 != length(data) = 7
Flavor: r-release-windows-x86_64
Version: 0.0.3
Check: for missing documentation entries
Result: WARN
During startup - Warning message:
In read.table(file = file, header = header, sep = sep, quote = quote, :
cols = 6 != length(data) = 7
All user-level objects in a package should have documentation entries.
See chapter 'Writing R documentation files' in the 'Writing R
Extensions' manual.
Flavor: r-release-windows-x86_64
Version: 0.0.3
Check: for code/documentation mismatches
Result: WARN
During startup - Warning message:
In read.table(file = file, header = header, sep = sep, quote = quote, :
cols = 6 != length(data) = 7
During startup - Warning message:
In read.table(file = file, header = header, sep = sep, quote = quote, :
cols = 6 != length(data) = 7
During startup - Warning message:
In read.table(file = file, header = header, sep = sep, quote = quote, :
cols = 6 != length(data) = 7
Flavor: r-release-windows-x86_64
Version: 0.0.3
Check: Rd \usage sections
Result: WARN
During startup - Warning message:
In read.table(file = file, header = header, sep = sep, quote = quote, :
cols = 6 != length(data) = 7
Functions with \usage entries need to have the appropriate \alias
entries, and all their arguments documented.
The \usage entries must correspond to syntactically valid R code.
See chapter 'Writing R documentation files' in the 'Writing R
Extensions' manual.
During startup - Warning message:
In read.table(file = file, header = header, sep = sep, quote = quote, :
cols = 6 != length(data) = 7
The \usage entries for S3 methods should use the \method markup and not
their full name.
See chapter 'Writing R documentation files' in the 'Writing R
Extensions' manual.
Flavor: r-release-windows-x86_64
Version: 0.0.3
Check: Rd contents
Result: NOTE
Warning in read.table(file = file, header = header, sep = sep, quote = quote, :
cols = 6 != length(data) = 7
Flavor: r-release-windows-x86_64
Version: 0.0.3
Check: for unstated dependencies in examples
Result: WARN
Warning in read.table(file = file, header = header, sep = sep, quote = quote, :
cols = 6 != length(data) = 7
Flavor: r-release-windows-x86_64
Version: 0.0.3
Check: for unstated dependencies in ‘tests’
Result: WARN
Warning in read.table(file = file, header = header, sep = sep, quote = quote, :
cols = 6 != length(data) = 7
Flavor: r-release-windows-x86_64