Last updated on 2025-02-18 02:50:34 CET.
Flavor | Version | Tinstall | Tcheck | Ttotal | Status | Flags |
---|---|---|---|---|---|---|
r-devel-linux-x86_64-debian-clang | 1.0.1 | 2.63 | 37.55 | 40.18 | OK | |
r-devel-linux-x86_64-debian-gcc | 1.0.1 | 2.05 | 28.62 | 30.67 | OK | |
r-devel-linux-x86_64-fedora-clang | 1.0.1 | 69.38 | OK | |||
r-devel-linux-x86_64-fedora-gcc | 1.0.1 | 622.89 | OK | |||
r-devel-macos-arm64 | 1.0.1 | 210.00 | OK | |||
r-devel-macos-x86_64 | 1.0.1 | 711.00 | OK | |||
r-devel-windows-x86_64 | 1.0.1 | 4.00 | 62.00 | 66.00 | OK | |
r-patched-linux-x86_64 | 1.0.1 | 2.85 | 35.01 | 37.86 | NOTE | |
r-release-linux-x86_64 | 1.0.1 | 2.43 | 35.53 | 37.96 | NOTE | |
r-release-macos-arm64 | 1.0.1 | 271.00 | NOTE | |||
r-release-macos-x86_64 | 1.0.1 | 823.00 | NOTE | |||
r-release-windows-x86_64 | 1.0.1 | 3.00 | 65.00 | 68.00 | NOTE | |
r-oldrel-macos-arm64 | 1.0.1 | 261.00 | NOTE | |||
r-oldrel-macos-x86_64 | 1.0.1 | 860.00 | NOTE | |||
r-oldrel-windows-x86_64 | 1.0.1 | 3.00 | 98.00 | 101.00 | NOTE |
Version: 1.0.1
Check: package dependencies
Result: NOTE
Packages suggested but not available for checking: 'dsBaseClient', 'dsBase'
Flavors: r-patched-linux-x86_64, r-release-linux-x86_64, r-release-macos-arm64, r-release-macos-x86_64, r-release-windows-x86_64, r-oldrel-macos-arm64, r-oldrel-macos-x86_64, r-oldrel-windows-x86_64