Last updated on 2025-05-10 14:52:18 CEST.
Flavor | Version | Tinstall | Tcheck | Ttotal | Status | Flags |
---|---|---|---|---|---|---|
r-devel-linux-x86_64-debian-clang | 0.1.3 | 14.01 | 50.94 | 64.95 | NOTE | |
r-devel-linux-x86_64-debian-gcc | 0.1.3 | 11.28 | 36.30 | 47.58 | NOTE | |
r-devel-linux-x86_64-fedora-clang | 0.1.3 | 107.47 | OK | |||
r-devel-linux-x86_64-fedora-gcc | 0.1.3 | 112.51 | OK | |||
r-devel-windows-x86_64 | 0.1.3 | 20.00 | 76.00 | 96.00 | OK | |
r-patched-linux-x86_64 | 0.1.3 | 17.65 | 45.83 | 63.48 | OK | |
r-release-linux-x86_64 | 0.1.3 | 17.27 | 45.46 | 62.73 | OK | |
r-release-macos-arm64 | 0.1.3 | 37.00 | OK | |||
r-release-macos-x86_64 | 0.1.3 | 68.00 | OK | |||
r-release-windows-x86_64 | 0.1.3 | 21.00 | 80.00 | 101.00 | OK | |
r-oldrel-macos-arm64 | 0.1.3 | 35.00 | OK | |||
r-oldrel-macos-x86_64 | 0.1.3 | 91.00 | OK | |||
r-oldrel-windows-x86_64 | 0.1.3 | 24.00 | 91.00 | 115.00 | OK |
Version: 0.1.3
Check: CRAN incoming feasibility
Result: NOTE
Maintainer: ‘Dirk Eddelbuettel <edd@debian.org>’
No Authors@R field in DESCRIPTION.
Please add one, modifying
Authors@R: c(person(given = "Dirk",
family = "Eddelbuettel",
role = c("aut", "cre"),
email = "edd@debian.org"),
person(given = "Leonardo",
family = "Silvestri",
role = "aut"))
as necessary.
Flavors: r-devel-linux-x86_64-debian-clang, r-devel-linux-x86_64-debian-gcc