Last updated on 2025-02-21 02:52:10 CET.
Flavor | Version | Tinstall | Tcheck | Ttotal | Status | Flags |
---|---|---|---|---|---|---|
r-devel-linux-x86_64-debian-clang | 1.5.5 | 44.46 | 271.45 | 315.91 | OK | |
r-devel-linux-x86_64-debian-gcc | 1.5.5 | 33.53 | 187.00 | 220.53 | OK | |
r-devel-linux-x86_64-fedora-clang | 1.5.5 | 506.40 | OK | |||
r-devel-linux-x86_64-fedora-gcc | 1.5.5 | 479.78 | OK | |||
r-devel-macos-arm64 | 1.5.5 | 114.00 | OK | |||
r-devel-macos-x86_64 | 1.5.5 | 232.00 | OK | |||
r-devel-windows-x86_64 | 1.5.5 | 45.00 | 273.00 | 318.00 | OK | |
r-patched-linux-x86_64 | 1.5.5 | 44.44 | 257.35 | 301.79 | NOTE | |
r-release-linux-x86_64 | 1.5.5 | 43.88 | 257.39 | 301.27 | NOTE | |
r-release-macos-arm64 | 1.5.5 | 247.00 | NOTE | |||
r-release-macos-x86_64 | 1.5.5 | 307.00 | NOTE | |||
r-release-windows-x86_64 | 1.5.5 | 48.00 | 264.00 | 312.00 | NOTE | |
r-oldrel-macos-arm64 | 1.5.5 | 259.00 | NOTE | |||
r-oldrel-macos-x86_64 | 1.5.5 | 307.00 | NOTE | |||
r-oldrel-windows-x86_64 | 1.5.5 | 60.00 | 344.00 | 404.00 | NOTE |
Version: 1.5.5
Check: package dependencies
Result: NOTE
Package suggested but not available for checking: ‘cmdstanr’
Flavors: r-patched-linux-x86_64, r-release-linux-x86_64, r-release-macos-arm64, r-release-macos-x86_64, r-release-windows-x86_64, r-oldrel-macos-arm64, r-oldrel-macos-x86_64, r-oldrel-windows-x86_64
Version: 1.5.5
Check: installed package size
Result: NOTE
installed size is 13.1Mb
sub-directories of 1Mb or more:
R 3.6Mb
data 8.0Mb
doc 1.1Mb
Flavors: r-release-macos-arm64, r-release-macos-x86_64, r-release-windows-x86_64, r-oldrel-macos-arm64, r-oldrel-macos-x86_64, r-oldrel-windows-x86_64