Last updated on 2025-02-21 02:52:10 CET.
Flavor | Version | Tinstall | Tcheck | Ttotal | Status | Flags |
---|---|---|---|---|---|---|
r-devel-linux-x86_64-debian-clang | 1.0.0 | 58.49 | 483.27 | 541.76 | NOTE | |
r-devel-linux-x86_64-debian-gcc | 1.0.0 | 41.04 | 309.20 | 350.24 | NOTE | |
r-devel-linux-x86_64-fedora-clang | 1.0.0 | 863.91 | OK | |||
r-devel-linux-x86_64-fedora-gcc | 1.0.0 | 834.62 | OK | |||
r-devel-macos-arm64 | 1.0.0 | 201.00 | OK | |||
r-devel-macos-x86_64 | 1.0.0 | 406.00 | OK | |||
r-devel-windows-x86_64 | 1.0.0 | 54.00 | 366.00 | 420.00 | NOTE | |
r-patched-linux-x86_64 | 1.0.0 | 68.33 | 449.10 | 517.43 | OK | |
r-release-linux-x86_64 | 1.0.0 | 55.32 | 451.89 | 507.21 | OK | |
r-release-macos-arm64 | 1.0.0 | 128.00 | OK | |||
r-release-macos-x86_64 | 1.0.0 | 282.00 | OK | |||
r-release-windows-x86_64 | 1.0.0 | 58.00 | 371.00 | 429.00 | OK | |
r-oldrel-macos-arm64 | 1.0.0 | 149.00 | OK | |||
r-oldrel-macos-x86_64 | 1.0.0 | 267.00 | OK | |||
r-oldrel-windows-x86_64 | 1.0.0 | 80.00 | 522.00 | 602.00 | OK |
Version: 1.0.0
Check: Rd cross-references
Result: NOTE
Found the following Rd file(s) with Rd \link{} targets missing package
anchors:
eval_posterior_eDITH.Rd: aggregate_river
posterior_pred_sim_eDITH.Rd: aggregate_river, DHARMa
run_eDITH_BT.Rd: aggregate_river, river_to_AEM, runMCMC,
createBayesianSetup, dtrunc, MAP, getCredibleIntervals,
gelmanDiagnostics
run_eDITH_BT_joint.Rd: aggregate_river, river_to_AEM, runMCMC,
createBayesianSetup, dtrunc, MAP, getCredibleIntervals,
gelmanDiagnostics
run_eDITH_optim.Rd: aggregate_river, river_to_AEM
run_eDITH_optim_joint.Rd: aggregate_river, river_to_AEM
run_eDITH_single.Rd: aggregate_river
sampling_strategy_direct.Rd: aggregate_river
sampling_strategy_eDNA.Rd: paths_river
wigger.Rd: extract_river
Please provide package anchors for all Rd \link{} targets not in the
package itself and the base packages.
Flavors: r-devel-linux-x86_64-debian-clang, r-devel-linux-x86_64-debian-gcc, r-devel-windows-x86_64