Last updated on 2025-05-16 14:49:54 CEST.
Flavor | Version | Tinstall | Tcheck | Ttotal | Status | Flags |
---|---|---|---|---|---|---|
r-devel-linux-x86_64-debian-clang | 0.7.0 | 4.42 | 355.03 | 359.45 | NOTE | |
r-devel-linux-x86_64-debian-gcc | 0.7.0 | 2.82 | 235.67 | 238.49 | NOTE | |
r-devel-linux-x86_64-fedora-clang | 0.7.0 | 565.49 | OK | |||
r-devel-linux-x86_64-fedora-gcc | 0.7.0 | 575.37 | OK | |||
r-devel-windows-x86_64 | 0.7.0 | 8.00 | 387.00 | 395.00 | OK | |
r-patched-linux-x86_64 | 0.7.0 | 5.86 | 332.93 | 338.79 | OK | |
r-release-linux-x86_64 | 0.7.0 | 5.11 | 332.14 | 337.25 | OK | |
r-release-macos-arm64 | 0.7.0 | 167.00 | OK | |||
r-release-macos-x86_64 | 0.7.0 | 361.00 | OK | |||
r-release-windows-x86_64 | 0.7.0 | 7.00 | 378.00 | 385.00 | OK | |
r-oldrel-macos-arm64 | 0.7.0 | 158.00 | OK | |||
r-oldrel-macos-x86_64 | 0.7.0 | 305.00 | OK | |||
r-oldrel-windows-x86_64 | 0.7.0 | 9.00 | 482.00 | 491.00 | OK |
Version: 0.7.0
Check: CRAN incoming feasibility
Result: NOTE
Maintainer: ‘Merlin Unterfinger <info@munterfinger.ch>’
Package CITATION file contains call(s) to old-style citEntry(). Please
use bibentry() instead.
Flavors: r-devel-linux-x86_64-debian-clang, r-devel-linux-x86_64-debian-gcc