Last updated on 2025-02-21 02:52:10 CET.
Flavor | Version | Tinstall | Tcheck | Ttotal | Status | Flags |
---|---|---|---|---|---|---|
r-devel-linux-x86_64-debian-clang | 0.1.7 | 42.14 | 176.57 | 218.71 | OK | |
r-devel-linux-x86_64-debian-gcc | 0.1.7 | 32.77 | 134.37 | 167.14 | OK | |
r-devel-linux-x86_64-fedora-clang | 0.1.7 | 373.27 | OK | |||
r-devel-linux-x86_64-fedora-gcc | 0.1.7 | 420.83 | OK | |||
r-devel-macos-arm64 | 0.1.7 | 118.00 | OK | |||
r-devel-macos-x86_64 | 0.1.7 | 311.00 | OK | |||
r-devel-windows-x86_64 | 0.1.7 | 40.00 | 236.00 | 276.00 | OK | |
r-patched-linux-x86_64 | 0.1.7 | 43.42 | 184.90 | 228.32 | OK | |
r-release-linux-x86_64 | 0.1.7 | 40.47 | 187.09 | 227.56 | OK | |
r-release-macos-arm64 | 0.1.7 | 119.00 | NOTE | |||
r-release-macos-x86_64 | 0.1.7 | 251.00 | NOTE | |||
r-release-windows-x86_64 | 0.1.7 | 39.00 | 241.00 | 280.00 | OK | |
r-oldrel-macos-arm64 | 0.1.5 | 75.00 | NOTE | |||
r-oldrel-macos-x86_64 | 0.1.7 | 354.00 | NOTE | |||
r-oldrel-windows-x86_64 | 0.1.7 | 47.00 | 262.00 | 309.00 | OK |
Version: 0.1.7
Check: installed package size
Result: NOTE
installed size is 18.3Mb
sub-directories of 1Mb or more:
R 2.5Mb
libs 15.5Mb
Flavors: r-release-macos-arm64, r-release-macos-x86_64, r-oldrel-macos-x86_64
Version: 0.1.5
Check: installed package size
Result: NOTE
installed size is 18.2Mb
sub-directories of 1Mb or more:
R 2.5Mb
libs 15.4Mb
Flavor: r-oldrel-macos-arm64