Last updated on 2025-02-20 14:50:51 CET.
Flavor | Version | Tinstall | Tcheck | Ttotal | Status | Flags |
---|---|---|---|---|---|---|
r-devel-linux-x86_64-debian-clang | 0.2.2 | 1.92 | 34.60 | 36.52 | OK | |
r-devel-linux-x86_64-debian-gcc | 0.2.2 | 1.42 | 23.99 | 25.41 | OK | |
r-devel-linux-x86_64-fedora-clang | 0.2.2 | 58.26 | OK | |||
r-devel-linux-x86_64-fedora-gcc | 0.2.2 | 55.33 | OK | |||
r-devel-macos-arm64 | 0.2.2 | 20.00 | OK | |||
r-devel-macos-x86_64 | 0.2.2 | 38.00 | OK | |||
r-devel-windows-x86_64 | 0.2.2 | 3.00 | 55.00 | 58.00 | OK | |
r-patched-linux-x86_64 | 0.2.2 | 1.73 | 32.44 | 34.17 | OK | |
r-release-linux-x86_64 | 0.2.2 | 1.96 | 31.63 | 33.59 | OK | |
r-release-macos-arm64 | 0.2.2 | 25.00 | OK | |||
r-release-macos-x86_64 | 0.2.2 | 61.00 | OK | |||
r-release-windows-x86_64 | 0.2.2 | 3.00 | 52.00 | 55.00 | WARN | |
r-oldrel-macos-arm64 | 0.2.2 | 28.00 | OK | |||
r-oldrel-macos-x86_64 | 0.2.2 | 63.00 | OK | |||
r-oldrel-windows-x86_64 | 0.2.2 | 3.00 | 80.00 | 83.00 | OK |
Version: 0.2.2
Check: package subdirectories
Result: WARN
Invalid citation information in 'inst/CITATION':
During startup - Warning message:
In read.table(file = file, header = header, sep = sep, quote = quote, :
cols = 6 != length(data) = 7
Flavor: r-release-windows-x86_64