Last updated on 2024-05-21 14:57:09 CEST.
Flavor | Version | Tinstall | Tcheck | Ttotal | Status | Flags |
---|---|---|---|---|---|---|
r-devel-linux-x86_64-debian-clang | 1.1.0 | 11.65 | 170.89 | 182.54 | NOTE | |
r-devel-linux-x86_64-debian-gcc | 1.1.0 | 8.51 | 123.28 | 131.79 | NOTE | |
r-devel-linux-x86_64-fedora-clang | 1.1.0 | 236.61 | NOTE | |||
r-devel-linux-x86_64-fedora-gcc | 1.1.0 | 225.99 | NOTE | |||
r-devel-windows-x86_64 | 1.1.0 | 10.00 | 153.00 | 163.00 | NOTE | |
r-patched-linux-x86_64 | 1.1.0 | 9.19 | 169.33 | 178.52 | NOTE | |
r-release-linux-x86_64 | 1.1.0 | 6.81 | 165.46 | 172.27 | NOTE | |
r-release-macos-arm64 | 1.1.0 | 71.00 | NOTE | |||
r-release-windows-x86_64 | 1.1.0 | 12.00 | 151.00 | 163.00 | NOTE | |
r-oldrel-macos-arm64 | 1.1.0 | 73.00 | OK | |||
r-oldrel-macos-x86_64 | 1.1.0 | 183.00 | OK | |||
r-oldrel-windows-x86_64 | 1.1.0 | 13.00 | 181.00 | 194.00 | OK |
Version: 1.1.0
Check: Rd files
Result: NOTE
checkRd: (-1) write_spss.Rd:31: Lost braces in \itemize; meant \describe ?
checkRd: (-1) write_spss.Rd:32-33: Lost braces in \itemize; meant \describe ?
checkRd: (-1) write_spss.Rd:34: Lost braces in \itemize; meant \describe ?
checkRd: (-1) write_spss.Rd:35-40: Lost braces in \itemize; meant \describe ?
checkRd: (-1) write_spss.Rd:45: Lost braces in \itemize; meant \describe ?
checkRd: (-1) write_spss.Rd:46: Lost braces in \itemize; meant \describe ?
Flavors: r-devel-linux-x86_64-debian-clang, r-devel-linux-x86_64-debian-gcc, r-devel-linux-x86_64-fedora-clang, r-devel-linux-x86_64-fedora-gcc, r-devel-windows-x86_64, r-patched-linux-x86_64, r-release-linux-x86_64, r-release-macos-arm64, r-release-windows-x86_64