Last updated on 2025-02-21 02:52:10 CET.
Flavor | Version | Tinstall | Tcheck | Ttotal | Status | Flags |
---|---|---|---|---|---|---|
r-devel-linux-x86_64-debian-clang | 0.15.1 | 24.79 | 314.22 | 339.01 | OK | |
r-devel-linux-x86_64-debian-gcc | 0.15.1 | 16.13 | 208.93 | 225.06 | OK | |
r-devel-linux-x86_64-fedora-clang | 0.15.1 | 529.10 | OK | |||
r-devel-linux-x86_64-fedora-gcc | 0.15.1 | 543.51 | OK | |||
r-devel-macos-arm64 | 0.15.1 | 94.00 | OK | |||
r-devel-macos-x86_64 | 0.15.1 | 222.00 | OK | |||
r-devel-windows-x86_64 | 0.15.1 | 23.00 | 294.00 | 317.00 | OK | |
r-patched-linux-x86_64 | 0.15.1 | 22.92 | 287.71 | 310.63 | OK | |
r-release-linux-x86_64 | 0.15.1 | 21.19 | 289.64 | 310.83 | OK | |
r-release-macos-arm64 | 0.15.1 | 13.00 | ERROR | |||
r-release-macos-x86_64 | 0.15.1 | 215.00 | OK | |||
r-release-windows-x86_64 | 0.15.1 | 25.00 | 297.00 | 322.00 | OK | |
r-oldrel-macos-arm64 | 0.15.0 | 155.00 | OK | |||
r-oldrel-macos-x86_64 | 0.15.1 | 283.00 | OK | |||
r-oldrel-windows-x86_64 | 0.15.1 | 31.00 | 356.00 | 387.00 | OK |
Version: 0.15.1
Check: whether package can be installed
Result: ERROR
Installation failed.
Flavor: r-release-macos-arm64