Last updated on 2025-02-21 02:52:10 CET.
Flavor | Version | Tinstall | Tcheck | Ttotal | Status | Flags |
---|---|---|---|---|---|---|
r-devel-linux-x86_64-debian-clang | 1.2.1 | 3.85 | 41.13 | 44.98 | OK | |
r-devel-linux-x86_64-debian-gcc | 1.2.1 | 2.71 | 29.36 | 32.07 | OK | |
r-devel-linux-x86_64-fedora-clang | 1.2.1 | 73.93 | OK | |||
r-devel-linux-x86_64-fedora-gcc | 1.2.1 | 82.51 | OK | |||
r-devel-macos-arm64 | 1.2.1 | 30.00 | OK | |||
r-devel-macos-x86_64 | 1.2.1 | 57.00 | OK | |||
r-devel-windows-x86_64 | 1.2.1 | 5.00 | 59.00 | 64.00 | OK | |
r-patched-linux-x86_64 | 1.2.1 | 3.74 | 38.14 | 41.88 | NOTE | |
r-release-linux-x86_64 | 1.2.1 | 3.79 | 38.69 | 42.48 | NOTE | |
r-release-macos-arm64 | 1.2.1 | 30.00 | NOTE | |||
r-release-macos-x86_64 | 1.2.1 | 44.00 | NOTE | |||
r-release-windows-x86_64 | 1.2.1 | 5.00 | 58.00 | 63.00 | NOTE | |
r-oldrel-macos-arm64 | 1.2.1 | 29.00 | NOTE | |||
r-oldrel-macos-x86_64 | 1.2.1 | 46.00 | NOTE | |||
r-oldrel-windows-x86_64 | 1.2.1 | 4.00 | 63.00 | 67.00 | NOTE |
Version: 1.2.1
Check: LazyData
Result: NOTE
'LazyData' is specified without a 'data' directory
Flavors: r-patched-linux-x86_64, r-release-linux-x86_64, r-release-macos-arm64, r-release-macos-x86_64, r-release-windows-x86_64, r-oldrel-macos-arm64, r-oldrel-macos-x86_64, r-oldrel-windows-x86_64