Last updated on 2024-05-21 14:57:09 CEST.
Flavor | Version | Tinstall | Tcheck | Ttotal | Status | Flags |
---|---|---|---|---|---|---|
r-devel-linux-x86_64-debian-clang | 0.1.4 | 4.40 | 40.50 | 44.90 | NOTE | |
r-devel-linux-x86_64-debian-gcc | 0.1.4 | 3.80 | 30.52 | 34.32 | NOTE | |
r-devel-linux-x86_64-fedora-clang | 0.1.4 | 57.72 | NOTE | |||
r-devel-linux-x86_64-fedora-gcc | 0.1.4 | 52.22 | NOTE | |||
r-devel-windows-x86_64 | 0.1.4 | 6.00 | 52.00 | 58.00 | NOTE | |
r-patched-linux-x86_64 | 0.1.4 | 5.07 | 37.68 | 42.75 | NOTE | |
r-release-linux-x86_64 | 0.1.4 | 5.07 | 39.12 | 44.19 | NOTE | |
r-release-macos-arm64 | 0.1.4 | 20.00 | NOTE | |||
r-release-windows-x86_64 | 0.1.4 | 6.00 | 51.00 | 57.00 | NOTE | |
r-oldrel-macos-arm64 | 0.1.4 | 22.00 | NOTE | |||
r-oldrel-macos-x86_64 | 0.1.4 | 31.00 | NOTE | |||
r-oldrel-windows-x86_64 | 0.1.4 | 6.00 | 55.00 | 61.00 | NOTE |
Version: 0.1.4
Check: LazyData
Result: NOTE
'LazyData' is specified without a 'data' directory
Flavors: r-devel-linux-x86_64-debian-clang, r-devel-linux-x86_64-debian-gcc, r-devel-linux-x86_64-fedora-clang, r-devel-linux-x86_64-fedora-gcc, r-devel-windows-x86_64, r-patched-linux-x86_64, r-release-linux-x86_64, r-release-macos-arm64, r-release-windows-x86_64, r-oldrel-macos-arm64, r-oldrel-macos-x86_64, r-oldrel-windows-x86_64