CRAN Package Check Results for Package effectR

Last updated on 2025-02-21 02:52:10 CET.

Flavor Version Tinstall Tcheck Ttotal Status Flags
r-devel-linux-x86_64-debian-clang 1.0.2 3.82 39.02 42.84 NOTE
r-devel-linux-x86_64-debian-gcc 1.0.2 2.68 30.15 32.83 NOTE
r-devel-linux-x86_64-fedora-clang 1.0.2 69.74 NOTE
r-devel-linux-x86_64-fedora-gcc 1.0.2 80.38 NOTE
r-devel-macos-arm64 1.0.2 35.00 OK
r-devel-macos-x86_64 1.0.2 55.00 OK
r-devel-windows-x86_64 1.0.2 6.00 58.00 64.00 NOTE
r-patched-linux-x86_64 1.0.2 8.21 36.71 44.92 OK
r-release-linux-x86_64 1.0.2 3.68 36.50 40.18 OK
r-release-macos-arm64 1.0.2 31.00 OK
r-release-macos-x86_64 1.0.2 52.00 OK
r-release-windows-x86_64 1.0.2 7.00 60.00 67.00 OK
r-oldrel-macos-arm64 1.0.2 31.00 OK
r-oldrel-macos-x86_64 1.0.2 44.00 OK
r-oldrel-windows-x86_64 1.0.2 7.00 80.00 87.00 OK

Check Details

Version: 1.0.2
Check: Rd cross-references
Result: NOTE Found the following Rd file(s) with Rd \link{} targets missing package anchors: regex.search.Rd: read.fasta Please provide package anchors for all Rd \link{} targets not in the package itself and the base packages. Flavors: r-devel-linux-x86_64-debian-clang, r-devel-linux-x86_64-debian-gcc, r-devel-windows-x86_64

Version: 1.0.2
Check: dependencies in R code
Result: NOTE Namespace in Imports field not imported from: ‘rmarkdown’ All declared Imports should be used. Flavors: r-devel-linux-x86_64-fedora-clang, r-devel-linux-x86_64-fedora-gcc