Last updated on 2025-05-07 02:50:17 CEST.
Flavor | Version | Tinstall | Tcheck | Ttotal | Status | Flags |
---|---|---|---|---|---|---|
r-devel-linux-x86_64-debian-clang | 1.3-3 | 14.50 | 123.25 | 137.75 | NOTE | |
r-devel-linux-x86_64-debian-gcc | 1.3-3 | 10.00 | 83.84 | 93.84 | NOTE | |
r-devel-linux-x86_64-fedora-clang | 1.3-3 | 216.49 | OK | |||
r-devel-linux-x86_64-fedora-gcc | 1.3-3 | 233.18 | OK | |||
r-devel-windows-x86_64 | 1.3-3 | 14.00 | 129.00 | 143.00 | OK | |
r-patched-linux-x86_64 | 1.3-3 | 14.16 | 116.93 | 131.09 | OK | |
r-release-linux-x86_64 | 1.3-3 | 14.60 | 116.31 | 130.91 | OK | |
r-release-macos-arm64 | 1.3-3 | 82.00 | OK | |||
r-release-macos-x86_64 | 1.3-3 | 123.00 | OK | |||
r-release-windows-x86_64 | 1.3-3 | 15.00 | 130.00 | 145.00 | OK | |
r-oldrel-macos-arm64 | 1.3-3 | 54.00 | OK | |||
r-oldrel-macos-x86_64 | 1.3-3 | 90.00 | OK | |||
r-oldrel-windows-x86_64 | 1.3-3 | 19.00 | 157.00 | 176.00 | OK |
Version: 1.3-3
Check: CRAN incoming feasibility
Result: NOTE
Maintainer: ‘James Honaker <zelig.zee@gmail.com>’
No Authors@R field in DESCRIPTION.
Please add one, modifying
Authors@R: c(person(given = "Gary",
family = "King",
role = "aut",
email = "king@harvard.edu"),
person(given = "Molly",
family = "Roberts",
role = "aut",
email = "molly.e.roberts@gmail.com"),
person(given = "James",
family = "Honaker",
role = "cre",
email = "zelig.zee@gmail.com"))
as necessary.
Flavors: r-devel-linux-x86_64-debian-clang, r-devel-linux-x86_64-debian-gcc