CRAN Package Check Results for Package elfDistr

Last updated on 2025-02-20 14:50:51 CET.

Flavor Version Tinstall Tcheck Ttotal Status Flags
r-devel-linux-x86_64-debian-clang 1.0.0 11.05 23.83 34.88 NOTE
r-devel-linux-x86_64-debian-gcc 1.0.0 9.16 18.85 28.01 NOTE
r-devel-linux-x86_64-fedora-clang 1.0.0 62.44 NOTE
r-devel-linux-x86_64-fedora-gcc 1.0.0 57.79 NOTE
r-devel-macos-arm64 1.0.0 21.00 NOTE
r-devel-macos-x86_64 1.0.0 51.00 NOTE
r-devel-windows-x86_64 1.0.0 15.00 64.00 79.00 NOTE
r-patched-linux-x86_64 1.0.0 11.51 22.66 34.17 NOTE
r-release-linux-x86_64 1.0.0 11.48 22.90 34.38 NOTE
r-release-macos-arm64 1.0.0 26.00 NOTE
r-release-macos-x86_64 1.0.0 36.00 NOTE
r-release-windows-x86_64 1.0.0 14.00 65.00 79.00 NOTE
r-oldrel-macos-arm64 1.0.0 25.00 NOTE
r-oldrel-macos-x86_64 1.0.0 36.00 NOTE
r-oldrel-windows-x86_64 1.0.0 16.00 76.00 92.00 NOTE

Check Details

Version: 1.0.0
Check: C++ specification
Result: NOTE Specified C++11: please drop specification unless essential Flavors: r-devel-linux-x86_64-debian-clang, r-devel-linux-x86_64-debian-gcc, r-devel-linux-x86_64-fedora-clang, r-devel-linux-x86_64-fedora-gcc, r-devel-macos-arm64, r-devel-macos-x86_64, r-devel-windows-x86_64, r-patched-linux-x86_64, r-release-linux-x86_64, r-release-macos-arm64, r-release-macos-x86_64, r-release-windows-x86_64, r-oldrel-macos-arm64, r-oldrel-macos-x86_64, r-oldrel-windows-x86_64

Version: 1.0.0
Check: LazyData
Result: NOTE 'LazyData' is specified without a 'data' directory Flavors: r-patched-linux-x86_64, r-release-linux-x86_64, r-release-macos-arm64, r-release-macos-x86_64, r-release-windows-x86_64, r-oldrel-macos-arm64, r-oldrel-macos-x86_64, r-oldrel-windows-x86_64