Last updated on 2025-02-21 02:52:10 CET.
Flavor | Version | Tinstall | Tcheck | Ttotal | Status | Flags |
---|---|---|---|---|---|---|
r-devel-linux-x86_64-debian-clang | 0.5.1 | 7.18 | 77.30 | 84.48 | NOTE | |
r-devel-linux-x86_64-debian-gcc | 0.5.1 | 3.86 | 52.46 | 56.32 | NOTE | |
r-devel-linux-x86_64-fedora-clang | 0.5.1 | 130.27 | NOTE | |||
r-devel-linux-x86_64-fedora-gcc | 0.5.1 | 136.53 | NOTE | |||
r-devel-macos-arm64 | 0.5.1 | 48.00 | OK | |||
r-devel-macos-x86_64 | 0.5.1 | 100.00 | NOTE | |||
r-devel-windows-x86_64 | 0.5.1 | 10.00 | 81.00 | 91.00 | NOTE | |
r-patched-linux-x86_64 | 0.5.1 | 7.21 | 70.09 | 77.30 | OK | |
r-release-linux-x86_64 | 0.5.1 | 7.13 | 70.50 | 77.63 | OK | |
r-release-macos-arm64 | 0.5.1 | 42.00 | OK | |||
r-release-macos-x86_64 | 0.5.1 | 93.00 | OK | |||
r-release-windows-x86_64 | 0.5.1 | 10.00 | 81.00 | 91.00 | OK | |
r-oldrel-macos-arm64 | 0.5.1 | 53.00 | OK | |||
r-oldrel-macos-x86_64 | 0.5.1 | 95.00 | OK | |||
r-oldrel-windows-x86_64 | 0.5.1 | 12.00 | 93.00 | 105.00 | OK |
Version: 0.5.1
Check: DESCRIPTION meta-information
Result: NOTE
Missing dependency on R >= 4.2.0 because package code uses the pipe
placeholder syntax added in R 4.2.0.
File(s) using such syntax:
‘binary_method_functions.R’ ‘ordinal_method_functions.R’
‘utility_functions.R’
Flavors: r-devel-linux-x86_64-debian-clang, r-devel-linux-x86_64-debian-gcc, r-devel-linux-x86_64-fedora-clang, r-devel-linux-x86_64-fedora-gcc, r-devel-windows-x86_64
Version: 0.5.1
Check: DESCRIPTION meta-information
Result: NOTE
Missing dependency on R >= 4.1.0 because package code uses the pipe
|> or function shorthand \(...) syntax added in R 4.1.0.
File(s) using such syntax:
‘binary_method_functions.R’ ‘continuous_method_functions.R’
‘ordinal_method_functions.R’ ‘utility_functions.R’
Flavor: r-devel-macos-x86_64