Last updated on 2025-02-20 14:50:51 CET.
Flavor | Version | Tinstall | Tcheck | Ttotal | Status | Flags |
---|---|---|---|---|---|---|
r-devel-linux-x86_64-debian-clang | 0.9.7 | 7.33 | 345.50 | 352.83 | NOTE | |
r-devel-linux-x86_64-debian-gcc | 0.9.7 | 5.23 | 189.33 | 194.56 | NOTE | |
r-devel-linux-x86_64-fedora-clang | 0.9.7 | 597.71 | OK | |||
r-devel-linux-x86_64-fedora-gcc | 0.9.7 | 587.53 | OK | |||
r-devel-macos-arm64 | 0.9.7 | 127.00 | OK | |||
r-devel-macos-x86_64 | 0.9.7 | 380.00 | OK | |||
r-devel-windows-x86_64 | 0.9.7 | 7.00 | 289.00 | 296.00 | NOTE | |
r-patched-linux-x86_64 | 0.9.7 | 8.50 | 316.81 | 325.31 | OK | |
r-release-linux-x86_64 | 0.9.7 | 6.63 | 314.89 | 321.52 | OK | |
r-release-macos-arm64 | 0.9.7 | 123.00 | OK | |||
r-release-macos-x86_64 | 0.9.7 | 342.00 | OK | |||
r-release-windows-x86_64 | 0.9.7 | 8.00 | 280.00 | 288.00 | OK | |
r-oldrel-macos-arm64 | 0.9.7 | 137.00 | OK | |||
r-oldrel-macos-x86_64 | 0.9.7 | 251.00 | OK | |||
r-oldrel-windows-x86_64 | 0.9.7 | 9.00 | 341.00 | 350.00 | OK |
Version: 0.9.7
Check: Rd cross-references
Result: NOTE
Found the following Rd file(s) with Rd \link{} targets missing package
anchors:
hfit.Rd: maxLik
Please provide package anchors for all Rd \link{} targets not in the
package itself and the base packages.
Flavors: r-devel-linux-x86_64-debian-clang, r-devel-linux-x86_64-debian-gcc, r-devel-windows-x86_64