Last updated on 2025-02-21 02:52:10 CET.
Flavor | Version | Tinstall | Tcheck | Ttotal | Status | Flags |
---|---|---|---|---|---|---|
r-devel-linux-x86_64-debian-clang | 0.5.1 | 4.81 | 68.03 | 72.84 | OK | |
r-devel-linux-x86_64-debian-gcc | 0.5.1 | 3.47 | 48.87 | 52.34 | OK | |
r-devel-linux-x86_64-fedora-clang | 0.5.1 | 114.10 | OK | |||
r-devel-linux-x86_64-fedora-gcc | 0.5.1 | 123.40 | OK | |||
r-devel-macos-arm64 | 0.5.1 | 42.00 | OK | |||
r-devel-macos-x86_64 | 0.5.1 | 81.00 | OK | |||
r-devel-windows-x86_64 | 0.5.1 | 7.00 | 88.00 | 95.00 | OK | |
r-patched-linux-x86_64 | 0.5.1 | 4.81 | 65.59 | 70.40 | NOTE | |
r-release-linux-x86_64 | 0.5.1 | 3.47 | 64.45 | 67.92 | NOTE | |
r-release-macos-arm64 | 0.5.1 | 43.00 | NOTE | |||
r-release-macos-x86_64 | 0.5.1 | 64.00 | NOTE | |||
r-release-windows-x86_64 | 0.5.1 | 8.00 | 89.00 | 97.00 | NOTE | |
r-oldrel-macos-arm64 | 0.5.1 | 44.00 | NOTE | |||
r-oldrel-macos-x86_64 | 0.5.1 | 68.00 | NOTE | |||
r-oldrel-windows-x86_64 | 0.5.1 | 8.00 | 107.00 | 115.00 | NOTE |
Version: 0.5.1
Check: LazyData
Result: NOTE
'LazyData' is specified without a 'data' directory
Flavors: r-patched-linux-x86_64, r-release-linux-x86_64, r-release-macos-arm64, r-release-macos-x86_64, r-release-windows-x86_64, r-oldrel-macos-arm64, r-oldrel-macos-x86_64, r-oldrel-windows-x86_64