Last updated on 2025-02-21 02:52:10 CET.
Flavor | Version | Tinstall | Tcheck | Ttotal | Status | Flags |
---|---|---|---|---|---|---|
r-devel-linux-x86_64-debian-clang | 0.1.3 | 3.85 | 39.07 | 42.92 | NOTE | |
r-devel-linux-x86_64-debian-gcc | 0.1.3 | 2.93 | 28.53 | 31.46 | NOTE | |
r-devel-linux-x86_64-fedora-clang | 0.1.3 | 68.21 | NOTE | |||
r-devel-linux-x86_64-fedora-gcc | 0.1.3 | 63.74 | NOTE | |||
r-devel-macos-arm64 | 0.1.3 | 27.00 | OK | |||
r-devel-macos-x86_64 | 0.1.3 | 41.00 | OK | |||
r-devel-windows-x86_64 | 0.1.3 | 6.00 | 61.00 | 67.00 | NOTE | |
r-patched-linux-x86_64 | 0.1.3 | 9.75 | 36.41 | 46.16 | NOTE | |
r-release-linux-x86_64 | 0.1.3 | 4.26 | 35.94 | 40.20 | NOTE | |
r-release-macos-arm64 | 0.1.3 | 25.00 | OK | |||
r-release-macos-x86_64 | 0.1.3 | 34.00 | OK | |||
r-release-windows-x86_64 | 0.1.3 | 7.00 | 57.00 | 64.00 | OK | |
r-oldrel-macos-arm64 | 0.1.3 | 25.00 | OK | |||
r-oldrel-macos-x86_64 | 0.1.3 | 34.00 | OK | |||
r-oldrel-windows-x86_64 | 0.1.3 | 8.00 | 84.00 | 92.00 | OK |
Version: 0.1.3
Check: Rd cross-references
Result: NOTE
Found the following Rd file(s) with Rd \link{} targets missing package
anchors:
genkeys.Rd: openssl
Please provide package anchors for all Rd \link{} targets not in the
package itself and the base packages.
Flavors: r-devel-linux-x86_64-debian-clang, r-devel-linux-x86_64-debian-gcc, r-devel-windows-x86_64
Version: 0.1.3
Check: for non-standard things in the check directory
Result: NOTE
Found the following files/directories:
‘file.path(temp_dir, gp2.csv)’
Flavors: r-devel-linux-x86_64-debian-clang, r-devel-linux-x86_64-debian-gcc, r-devel-linux-x86_64-fedora-clang, r-devel-linux-x86_64-fedora-gcc, r-patched-linux-x86_64, r-release-linux-x86_64
Version: 0.1.3
Check: dependencies in R code
Result: NOTE
Namespace in Imports field not imported from: ‘knitr’
All declared Imports should be used.
Flavors: r-devel-linux-x86_64-fedora-clang, r-devel-linux-x86_64-fedora-gcc