Last updated on 2025-02-21 02:52:10 CET.
Flavor | Version | Tinstall | Tcheck | Ttotal | Status | Flags |
---|---|---|---|---|---|---|
r-devel-linux-x86_64-debian-clang | 1.0.0 | 36.94 | 22.75 | 59.69 | OK | |
r-devel-linux-x86_64-debian-gcc | 1.0.0 | 36.61 | 19.44 | 56.05 | OK | |
r-devel-linux-x86_64-fedora-clang | 1.0.0 | 93.66 | OK | |||
r-devel-linux-x86_64-fedora-gcc | 1.0.0 | 96.72 | OK | |||
r-devel-macos-arm64 | 1.0.0 | 50.00 | OK | |||
r-devel-macos-x86_64 | 1.0.0 | 74.00 | OK | |||
r-devel-windows-x86_64 | 1.0.0 | 41.00 | 44.00 | 85.00 | OK | |
r-patched-linux-x86_64 | 1.0.0 | 39.75 | 22.42 | 62.17 | OK | |
r-release-linux-x86_64 | 1.0.0 | 39.23 | 22.65 | 61.88 | OK | |
r-release-macos-arm64 | 1.0.0 | 52.00 | NOTE | |||
r-release-macos-x86_64 | 1.0.0 | 56.00 | NOTE | |||
r-release-windows-x86_64 | 1.0.0 | 40.00 | 44.00 | 84.00 | NOTE | |
r-oldrel-macos-arm64 | 1.0.0 | 62.00 | NOTE | |||
r-oldrel-macos-x86_64 | 1.0.0 | 117.00 | NOTE | |||
r-oldrel-windows-x86_64 | 1.0.0 | 40.00 | 53.00 | 93.00 | NOTE |
Version: 1.0.0
Check: installed package size
Result: NOTE
installed size is 7.3Mb
sub-directories of 1Mb or more:
data 7.2Mb
Flavors: r-release-macos-arm64, r-release-macos-x86_64, r-release-windows-x86_64, r-oldrel-macos-arm64, r-oldrel-macos-x86_64, r-oldrel-windows-x86_64