Last updated on 2025-02-21 02:52:10 CET.
Flavor | Version | Tinstall | Tcheck | Ttotal | Status | Flags |
---|---|---|---|---|---|---|
r-devel-linux-x86_64-debian-clang | 3.5.0.2 | 15.03 | 105.70 | 120.73 | NOTE | |
r-devel-linux-x86_64-debian-gcc | 3.5.0.2 | 9.88 | 70.93 | 80.81 | NOTE | |
r-devel-linux-x86_64-fedora-clang | 3.5.0.2 | 195.57 | NOTE | |||
r-devel-linux-x86_64-fedora-gcc | 3.5.0.2 | 183.26 | NOTE | |||
r-devel-macos-arm64 | 3.5.0.2 | 51.00 | NOTE | |||
r-devel-macos-x86_64 | 3.5.0.2 | 150.00 | NOTE | |||
r-devel-windows-x86_64 | 3.5.0.2 | 16.00 | 138.00 | 154.00 | NOTE | |
r-patched-linux-x86_64 | 3.5.0.2 | 14.86 | 98.14 | 113.00 | NOTE | |
r-release-linux-x86_64 | 3.5.0.2 | 14.92 | 97.48 | 112.40 | NOTE | |
r-release-macos-arm64 | 3.5.0.2 | 50.00 | NOTE | |||
r-release-macos-x86_64 | 3.5.0.2 | 76.00 | NOTE | |||
r-release-windows-x86_64 | 3.5.0.2 | 15.00 | 126.00 | 141.00 | NOTE | |
r-oldrel-macos-arm64 | 3.5.0.2 | 53.00 | NOTE | |||
r-oldrel-macos-x86_64 | 3.5.0.2 | 91.00 | NOTE | |||
r-oldrel-windows-x86_64 | 3.5.0.2 | 16.00 | 148.00 | 164.00 | NOTE |
Version: 3.5.0.2
Check: Rd files
Result: NOTE
checkRd: (-1) risk.display.rd:98: Escaped LaTeX specials: \$
Flavors: r-devel-linux-x86_64-debian-clang, r-devel-linux-x86_64-debian-gcc, r-devel-linux-x86_64-fedora-clang, r-devel-linux-x86_64-fedora-gcc, r-devel-macos-arm64, r-devel-macos-x86_64, r-devel-windows-x86_64, r-patched-linux-x86_64, r-release-linux-x86_64, r-release-macos-arm64, r-release-macos-x86_64, r-release-windows-x86_64, r-oldrel-macos-arm64, r-oldrel-macos-x86_64, r-oldrel-windows-x86_64