CRAN Package Check Results for Package epifitter

Last updated on 2025-02-21 02:52:10 CET.

Flavor Version Tinstall Tcheck Ttotal Status Flags
r-devel-linux-x86_64-debian-clang 0.3.0 3.17 60.50 63.67 OK
r-devel-linux-x86_64-debian-gcc 0.3.0 2.09 43.68 45.77 OK
r-devel-linux-x86_64-fedora-clang 0.3.0 105.12 NOTE
r-devel-linux-x86_64-fedora-gcc 0.3.0 109.91 NOTE
r-devel-macos-arm64 0.3.0 37.00 OK
r-devel-macos-x86_64 0.3.0 79.00 OK
r-devel-windows-x86_64 0.3.0 5.00 81.00 86.00 OK
r-patched-linux-x86_64 0.3.0 3.11 56.77 59.88 OK
r-release-linux-x86_64 0.3.0 2.65 56.84 59.49 OK
r-release-macos-arm64 0.3.0 38.00 OK
r-release-macos-x86_64 0.3.0 58.00 OK
r-release-windows-x86_64 0.3.0 5.00 83.00 88.00 OK
r-oldrel-macos-arm64 0.3.0 36.00 OK
r-oldrel-macos-x86_64 0.3.0 56.00 OK
r-oldrel-windows-x86_64 0.3.0 6.00 89.00 95.00 OK

Check Details

Version: 0.3.0
Check: dependencies in R code
Result: NOTE Namespace in Imports field not imported from: ‘knitr’ All declared Imports should be used. Flavors: r-devel-linux-x86_64-fedora-clang, r-devel-linux-x86_64-fedora-gcc