Last updated on 2025-02-21 02:52:10 CET.
Flavor | Version | Tinstall | Tcheck | Ttotal | Status | Flags |
---|---|---|---|---|---|---|
r-devel-linux-x86_64-debian-clang | 0.6-5 | 8.09 | 48.69 | 56.78 | OK | |
r-devel-linux-x86_64-debian-gcc | 0.6-5 | 6.28 | 34.81 | 41.09 | OK | |
r-devel-linux-x86_64-fedora-clang | 0.6-5 | 94.58 | OK | |||
r-devel-linux-x86_64-fedora-gcc | 0.6-5 | 86.65 | OK | |||
r-devel-macos-arm64 | 0.6-5 | 31.00 | OK | |||
r-devel-macos-x86_64 | 0.6-5 | 56.00 | OK | |||
r-devel-windows-x86_64 | 0.6-5 | 11.00 | 75.00 | 86.00 | OK | |
r-patched-linux-x86_64 | 0.6-5 | 9.59 | 45.49 | 55.08 | OK | |
r-release-linux-x86_64 | 0.6-5 | 8.62 | 46.01 | 54.63 | OK | |
r-release-macos-arm64 | 0.6-5 | 29.00 | OK | |||
r-release-macos-x86_64 | 0.6-5 | 43.00 | OK | |||
r-release-windows-x86_64 | 0.6-5 | 11.00 | 75.00 | 86.00 | OK | |
r-oldrel-macos-arm64 | 0.6-5 | 30.00 | OK | |||
r-oldrel-macos-x86_64 | 0.6-5 | 43.00 | NOTE | |||
r-oldrel-windows-x86_64 | 0.6-5 | 14.00 | 92.00 | 106.00 | OK |
Version: 0.6-5
Check: package dependencies
Result: NOTE
Packages suggested but not available for checking:
'fields', 'forecast', 'imputeTS', 'lme4', 'statnet'
Flavor: r-oldrel-macos-x86_64