Last updated on 2025-02-21 02:52:10 CET.
Flavor | Version | Tinstall | Tcheck | Ttotal | Status | Flags |
---|---|---|---|---|---|---|
r-devel-linux-x86_64-debian-clang | 1.1 | 6.22 | 64.43 | 70.65 | OK | |
r-devel-linux-x86_64-debian-gcc | 1.1 | 4.48 | 43.65 | 48.13 | OK | |
r-devel-linux-x86_64-fedora-clang | 1.1 | 106.90 | NOTE | |||
r-devel-linux-x86_64-fedora-gcc | 1.1 | 106.57 | NOTE | |||
r-devel-macos-arm64 | 1.1 | 34.00 | OK | |||
r-devel-macos-x86_64 | 1.1 | 61.00 | OK | |||
r-devel-windows-x86_64 | 1.1 | 8.00 | 89.00 | 97.00 | OK | |
r-patched-linux-x86_64 | 1.1 | 6.07 | 60.16 | 66.23 | OK | |
r-release-linux-x86_64 | 1.1 | 5.86 | 59.79 | 65.65 | OK | |
r-release-macos-arm64 | 1.1 | 32.00 | OK | |||
r-release-macos-x86_64 | 1.1 | 50.00 | OK | |||
r-release-windows-x86_64 | 1.1 | 8.00 | 89.00 | 97.00 | OK | |
r-oldrel-macos-arm64 | 1.1 | 42.00 | OK | |||
r-oldrel-macos-x86_64 | 1.1 | 91.00 | OK | |||
r-oldrel-windows-x86_64 | 1.1 | 10.00 | 102.00 | 112.00 | OK |
Version: 1.1
Check: dependencies in R code
Result: NOTE
Namespace in Imports field not imported from: ‘testthat’
All declared Imports should be used.
Flavors: r-devel-linux-x86_64-fedora-clang, r-devel-linux-x86_64-fedora-gcc