Last updated on 2025-02-21 02:52:10 CET.
Flavor | Version | Tinstall | Tcheck | Ttotal | Status | Flags |
---|---|---|---|---|---|---|
r-devel-linux-x86_64-debian-clang | 0.6.1 | 3.32 | 40.61 | 43.93 | OK | |
r-devel-linux-x86_64-debian-gcc | 0.6.1 | 2.91 | 30.10 | 33.01 | OK | |
r-devel-linux-x86_64-fedora-clang | 0.6.1 | 71.51 | OK | |||
r-devel-linux-x86_64-fedora-gcc | 0.6.1 | 83.82 | OK | |||
r-devel-macos-arm64 | 0.6.1 | 31.00 | OK | |||
r-devel-macos-x86_64 | 0.6.1 | 76.00 | OK | |||
r-devel-windows-x86_64 | 0.6.1 | 6.00 | 66.00 | 72.00 | OK | |
r-patched-linux-x86_64 | 0.6.1 | 3.82 | 38.13 | 41.95 | OK | |
r-release-linux-x86_64 | 0.6.1 | 3.47 | 38.12 | 41.59 | OK | |
r-release-macos-arm64 | 0.6.1 | 29.00 | OK | |||
r-release-macos-x86_64 | 0.6.1 | 73.00 | OK | |||
r-release-windows-x86_64 | 0.6.1 | 4.00 | 67.00 | 71.00 | OK | |
r-oldrel-macos-arm64 | 0.6.1 | 30.00 | OK | |||
r-oldrel-macos-x86_64 | 0.6.1 | 48.00 | NOTE | |||
r-oldrel-windows-x86_64 | 0.6.1 | 6.00 | 76.00 | 82.00 | OK |
Version: 0.6.1
Check: package dependencies
Result: NOTE
Package suggested but not available for checking: ‘semTools’
Flavor: r-oldrel-macos-x86_64
Version: 0.6.1
Check: Rd cross-references
Result: NOTE
Packages unavailable to check Rd xrefs: ‘OpenMx’, ‘semTools’
Flavor: r-oldrel-macos-x86_64