Last updated on 2025-02-21 02:52:10 CET.
Flavor | Version | Tinstall | Tcheck | Ttotal | Status | Flags |
---|---|---|---|---|---|---|
r-devel-linux-x86_64-debian-clang | 2.0.1 | 18.69 | 155.21 | 173.90 | OK | |
r-devel-linux-x86_64-debian-gcc | 2.0.1 | 12.66 | 106.14 | 118.80 | OK | |
r-devel-linux-x86_64-fedora-clang | 2.0.1 | 274.48 | OK | |||
r-devel-linux-x86_64-fedora-gcc | 2.0.1 | 285.17 | OK | |||
r-devel-macos-arm64 | 2.0.1 | 64.00 | OK | |||
r-devel-macos-x86_64 | 2.0.1 | 139.00 | OK | |||
r-devel-windows-x86_64 | 2.0.1 | 23.00 | 158.00 | 181.00 | OK | |
r-patched-linux-x86_64 | 2.0.1 | 17.53 | 143.70 | 161.23 | OK | |
r-release-linux-x86_64 | 2.0.1 | 16.70 | 144.22 | 160.92 | OK | |
r-release-macos-arm64 | 2.0.1 | 61.00 | NOTE | |||
r-release-macos-x86_64 | 2.0.1 | 132.00 | OK | |||
r-release-windows-x86_64 | 2.0.1 | 21.00 | 159.00 | 180.00 | OK | |
r-oldrel-macos-arm64 | 2.0.1 | 71.00 | NOTE | |||
r-oldrel-macos-x86_64 | 2.0.1 | 112.00 | NOTE | |||
r-oldrel-windows-x86_64 | 2.0.1 | 27.00 | 189.00 | 216.00 | OK |
Version: 2.0.1
Check: package dependencies
Result: NOTE
Package suggested but not available for checking: ‘gcspikelite’
Flavor: r-release-macos-arm64
Version: 2.0.1
Check: package dependencies
Result: NOTE
Packages suggested but not available for checking: 'mzR', 'gcspikelite'
Flavors: r-oldrel-macos-arm64, r-oldrel-macos-x86_64