Last updated on 2025-02-21 02:52:10 CET.
Flavor | Version | Tinstall | Tcheck | Ttotal | Status | Flags |
---|---|---|---|---|---|---|
r-devel-linux-x86_64-debian-clang | 0.0.2 | 11.16 | 33.95 | 45.11 | OK | |
r-devel-linux-x86_64-debian-gcc | 0.0.2 | 9.10 | 26.05 | 35.15 | OK | |
r-devel-linux-x86_64-fedora-clang | 0.0.2 | 81.64 | NOTE | |||
r-devel-linux-x86_64-fedora-gcc | 0.0.2 | 92.33 | NOTE | |||
r-devel-macos-arm64 | 0.0.2 | 34.00 | OK | |||
r-devel-macos-x86_64 | 0.0.2 | 67.00 | OK | |||
r-devel-windows-x86_64 | 0.0.2 | 16.00 | 72.00 | 88.00 | OK | |
r-patched-linux-x86_64 | 0.0.2 | 13.22 | 32.59 | 45.81 | OK | |
r-release-linux-x86_64 | 0.0.2 | 12.99 | 32.19 | 45.18 | OK | |
r-release-macos-arm64 | 0.0.2 | 38.00 | OK | |||
r-release-macos-x86_64 | 0.0.2 | 55.00 | OK | |||
r-release-windows-x86_64 | 0.0.2 | 16.00 | 76.00 | 92.00 | OK | |
r-oldrel-macos-arm64 | 0.0.2 | 39.00 | OK | |||
r-oldrel-macos-x86_64 | 0.0.2 | 69.00 | OK | |||
r-oldrel-windows-x86_64 | 0.0.2 | 19.00 | 77.00 | 96.00 | OK |
Version: 0.0.2
Check: dependencies in R code
Result: NOTE
Namespace in Imports field not imported from: ‘Rdpack’
All declared Imports should be used.
Flavors: r-devel-linux-x86_64-fedora-clang, r-devel-linux-x86_64-fedora-gcc