Last updated on 2025-02-21 02:52:10 CET.
Flavor | Version | Tinstall | Tcheck | Ttotal | Status | Flags |
---|---|---|---|---|---|---|
r-devel-linux-x86_64-debian-clang | 0.3-1 | 85.45 | 174.10 | 259.55 | NOTE | |
r-devel-linux-x86_64-debian-gcc | 0.3-1 | 59.37 | 116.41 | 175.78 | NOTE | |
r-devel-linux-x86_64-fedora-clang | 0.3-1 | 440.98 | OK | |||
r-devel-linux-x86_64-fedora-gcc | 0.3-1 | 442.28 | OK | |||
r-devel-macos-arm64 | 0.3-1 | 115.00 | OK | |||
r-devel-macos-x86_64 | 0.3-1 | 228.00 | OK | |||
r-devel-windows-x86_64 | 0.3-1 | 86.00 | 199.00 | 285.00 | NOTE | |
r-patched-linux-x86_64 | 0.3-1 | 90.59 | 160.44 | 251.03 | OK | |
r-release-linux-x86_64 | 0.3-1 | 83.66 | 162.52 | 246.18 | OK | |
r-release-macos-arm64 | 0.3-1 | 121.00 | NOTE | |||
r-release-macos-x86_64 | 0.3-1 | 194.00 | NOTE | |||
r-release-windows-x86_64 | 0.3-1 | 86.00 | 189.00 | 275.00 | OK | |
r-oldrel-macos-arm64 | 0.3-1 | 121.00 | NOTE | |||
r-oldrel-macos-x86_64 | 0.3-1 | 326.00 | NOTE | |||
r-oldrel-windows-x86_64 | 0.3-1 | 104.00 | 261.00 | 365.00 | OK |
Version: 0.3-1
Check: Rd cross-references
Result: NOTE
Found the following Rd file(s) with Rd \link{} targets missing package
anchors:
nvertex.Rd: network
Please provide package anchors for all Rd \link{} targets not in the
package itself and the base packages.
Flavors: r-devel-linux-x86_64-debian-clang, r-devel-linux-x86_64-debian-gcc, r-devel-windows-x86_64
Version: 0.3-1
Check: installed package size
Result: NOTE
installed size is 5.6Mb
sub-directories of 1Mb or more:
libs 4.2Mb
Flavors: r-release-macos-arm64, r-release-macos-x86_64, r-oldrel-macos-arm64, r-oldrel-macos-x86_64