Last updated on 2025-02-21 02:52:10 CET.
Flavor | Version | Tinstall | Tcheck | Ttotal | Status | Flags |
---|---|---|---|---|---|---|
r-devel-linux-x86_64-debian-clang | 0.1.2 | 7.04 | 57.37 | 64.41 | NOTE | |
r-devel-linux-x86_64-debian-gcc | 0.1.2 | 5.42 | 43.88 | 49.30 | NOTE | |
r-devel-linux-x86_64-fedora-clang | 0.1.2 | 101.60 | NOTE | |||
r-devel-linux-x86_64-fedora-gcc | 0.1.2 | 98.72 | NOTE | |||
r-devel-macos-arm64 | 0.1.2 | 34.00 | NOTE | |||
r-devel-macos-x86_64 | 0.1.2 | 70.00 | NOTE | |||
r-devel-windows-x86_64 | 0.1.2 | 8.00 | 74.00 | 82.00 | NOTE | |
r-patched-linux-x86_64 | 0.1.2 | 6.42 | 54.59 | 61.01 | NOTE | |
r-release-linux-x86_64 | 0.1.2 | 5.81 | 53.67 | 59.48 | NOTE | |
r-release-macos-arm64 | 0.1.2 | 33.00 | NOTE | |||
r-release-macos-x86_64 | 0.1.2 | 48.00 | NOTE | |||
r-release-windows-x86_64 | 0.1.2 | 8.00 | 73.00 | 81.00 | NOTE | |
r-oldrel-macos-arm64 | 0.1.2 | 37.00 | NOTE | |||
r-oldrel-macos-x86_64 | 0.1.2 | 54.00 | NOTE | |||
r-oldrel-windows-x86_64 | 0.1.2 | 10.00 | 82.00 | 92.00 | NOTE |
Version: 0.1.2
Check: Rd files
Result: NOTE
checkRd: (-1) festRidge.Rd:80: Lost braces; missing escapes or markup?
80 | \item{XtXlamIinv}{explicit value of (X'X + diag(penalty))^{-1}. Useful
| ^
Flavors: r-devel-linux-x86_64-debian-clang, r-devel-linux-x86_64-debian-gcc, r-devel-linux-x86_64-fedora-clang, r-devel-linux-x86_64-fedora-gcc, r-devel-macos-arm64, r-devel-macos-x86_64, r-devel-windows-x86_64, r-patched-linux-x86_64, r-release-linux-x86_64, r-release-macos-arm64, r-release-macos-x86_64, r-release-windows-x86_64
Version: 0.1.2
Check: LazyData
Result: NOTE
'LazyData' is specified without a 'data' directory
Flavors: r-patched-linux-x86_64, r-release-linux-x86_64, r-release-macos-arm64, r-release-macos-x86_64, r-release-windows-x86_64, r-oldrel-macos-arm64, r-oldrel-macos-x86_64, r-oldrel-windows-x86_64