Last updated on 2025-02-21 02:52:10 CET.
Flavor | Version | Tinstall | Tcheck | Ttotal | Status | Flags |
---|---|---|---|---|---|---|
r-devel-linux-x86_64-debian-clang | 0.0.3 | 31.11 | 258.22 | 289.33 | OK | |
r-devel-linux-x86_64-debian-gcc | 0.0.3 | 17.34 | 176.39 | 193.73 | OK | |
r-devel-linux-x86_64-fedora-clang | 0.0.3 | 442.61 | OK | |||
r-devel-linux-x86_64-fedora-gcc | 0.0.3 | 434.68 | OK | |||
r-devel-macos-arm64 | 0.0.3 | 99.00 | OK | |||
r-devel-macos-x86_64 | 0.0.3 | 223.00 | OK | |||
r-devel-windows-x86_64 | 0.0.3 | 24.00 | 200.00 | 224.00 | OK | |
r-patched-linux-x86_64 | 0.0.3 | 25.04 | 234.47 | 259.51 | NOTE | |
r-release-linux-x86_64 | 0.0.3 | 28.44 | 237.37 | 265.81 | NOTE | |
r-release-macos-arm64 | 0.0.3 | 95.00 | NOTE | |||
r-release-macos-x86_64 | 0.0.3 | 214.00 | NOTE | |||
r-release-windows-x86_64 | 0.0.3 | 24.00 | 197.00 | 221.00 | NOTE | |
r-oldrel-macos-arm64 | 0.0.3 | 96.00 | NOTE | |||
r-oldrel-macos-x86_64 | 0.0.3 | 178.00 | NOTE | |||
r-oldrel-windows-x86_64 | 0.0.3 | 33.00 | 248.00 | 281.00 | NOTE |
Version: 0.0.3
Check: LazyData
Result: NOTE
'LazyData' is specified without a 'data' directory
Flavors: r-patched-linux-x86_64, r-release-linux-x86_64, r-release-macos-arm64, r-release-macos-x86_64, r-release-windows-x86_64, r-oldrel-macos-arm64, r-oldrel-macos-x86_64, r-oldrel-windows-x86_64