Last updated on 2025-02-20 14:50:51 CET.
Flavor | Version | Tinstall | Tcheck | Ttotal | Status | Flags |
---|---|---|---|---|---|---|
r-devel-linux-x86_64-debian-clang | 1.1.2 | 22.00 | 48.80 | 70.80 | NOTE | |
r-devel-linux-x86_64-debian-gcc | 1.1.2 | 15.80 | 34.12 | 49.92 | NOTE | |
r-devel-linux-x86_64-fedora-clang | 1.1.2 | 123.14 | NOTE | |||
r-devel-linux-x86_64-fedora-gcc | 1.1.2 | 119.14 | NOTE | |||
r-devel-macos-arm64 | 1.1.2 | 33.00 | NOTE | |||
r-devel-macos-x86_64 | 1.1.2 | 58.00 | NOTE | |||
r-devel-windows-x86_64 | 1.1.2 | 27.00 | 88.00 | 115.00 | NOTE | |
r-patched-linux-x86_64 | 1.1.2 | 22.56 | 41.99 | 64.55 | NOTE | |
r-release-linux-x86_64 | 1.1.2 | 23.85 | 42.10 | 65.95 | NOTE | |
r-release-macos-arm64 | 1.1.2 | 36.00 | NOTE | |||
r-release-macos-x86_64 | 1.1.2 | 46.00 | NOTE | |||
r-release-windows-x86_64 | 1.1.2 | 26.00 | 81.00 | 107.00 | NOTE | |
r-oldrel-macos-arm64 | 1.1.2 | 38.00 | NOTE | |||
r-oldrel-macos-x86_64 | 1.1.2 | 58.00 | NOTE | |||
r-oldrel-windows-x86_64 | 1.1.2 | 30.00 | 120.00 | 150.00 | NOTE |
Version: 1.1.2
Check: C++ specification
Result: NOTE
Specified C++11: please drop specification unless essential
Flavors: r-devel-linux-x86_64-debian-clang, r-devel-linux-x86_64-debian-gcc, r-devel-linux-x86_64-fedora-clang, r-devel-linux-x86_64-fedora-gcc, r-devel-macos-arm64, r-devel-macos-x86_64, r-devel-windows-x86_64, r-patched-linux-x86_64, r-release-linux-x86_64, r-release-macos-arm64, r-release-macos-x86_64, r-release-windows-x86_64, r-oldrel-macos-arm64, r-oldrel-macos-x86_64, r-oldrel-windows-x86_64