Last updated on 2025-02-21 02:52:10 CET.
Flavor | Version | Tinstall | Tcheck | Ttotal | Status | Flags |
---|---|---|---|---|---|---|
r-devel-linux-x86_64-debian-clang | 0.2.3 | 14.29 | 82.13 | 96.42 | NOTE | |
r-devel-linux-x86_64-debian-gcc | 0.2.3 | 6.23 | 57.75 | 63.98 | NOTE | |
r-devel-linux-x86_64-fedora-clang | 0.2.3 | 150.53 | NOTE | |||
r-devel-linux-x86_64-fedora-gcc | 0.2.3 | 146.85 | NOTE | |||
r-devel-macos-arm64 | 0.2.3 | 46.00 | NOTE | |||
r-devel-macos-x86_64 | 0.2.3 | 76.00 | NOTE | |||
r-devel-windows-x86_64 | 0.2.3 | 15.00 | 104.00 | 119.00 | NOTE | |
r-patched-linux-x86_64 | 0.2.3 | 13.60 | 76.93 | 90.53 | NOTE | |
r-release-linux-x86_64 | 0.2.3 | 13.22 | 76.79 | 90.01 | NOTE | |
r-release-macos-arm64 | 0.2.3 | 46.00 | NOTE | |||
r-release-macos-x86_64 | 0.2.3 | 71.00 | NOTE | |||
r-release-windows-x86_64 | 0.2.3 | 15.00 | 99.00 | 114.00 | NOTE | |
r-oldrel-macos-arm64 | 0.2.3 | 47.00 | OK | |||
r-oldrel-macos-x86_64 | 0.2.3 | 92.00 | NOTE | |||
r-oldrel-windows-x86_64 | 0.2.3 | 19.00 | 115.00 | 134.00 | OK |
Version: 0.2.3
Check: Rd files
Result: NOTE
checkRd: (-1) momento.central.Rd:12: Lost braces; missing escapes or markup?
12 | \item{orden}{Es un valor numérico que representa el orden del momento central (orden = {1,2,3,4,...})}
| ^
Flavors: r-devel-linux-x86_64-debian-clang, r-devel-linux-x86_64-debian-gcc, r-devel-linux-x86_64-fedora-clang, r-devel-linux-x86_64-fedora-gcc, r-devel-macos-arm64, r-devel-macos-x86_64, r-devel-windows-x86_64, r-patched-linux-x86_64, r-release-linux-x86_64, r-release-macos-arm64, r-release-macos-x86_64, r-release-windows-x86_64
Version: 0.2.3
Check: installed package size
Result: NOTE
installed size is 5.3Mb
sub-directories of 1Mb or more:
data 3.4Mb
help 1.5Mb
Flavor: r-oldrel-macos-x86_64