CRAN Package Check Results for Package estatapi

Last updated on 2025-02-21 02:52:10 CET.

Flavor Version Tinstall Tcheck Ttotal Status Flags
r-devel-linux-x86_64-debian-clang 0.4.0 2.43 25.79 28.22 OK
r-devel-linux-x86_64-debian-gcc 0.4.0 1.92 20.53 22.45 OK
r-devel-linux-x86_64-fedora-clang 0.4.0 45.31 OK
r-devel-linux-x86_64-fedora-gcc 0.4.0 42.80 OK
r-devel-macos-arm64 0.4.0 20.00 OK
r-devel-macos-x86_64 0.4.0 30.00 OK
r-devel-windows-x86_64 0.4.0 4.00 48.00 52.00 OK
r-patched-linux-x86_64 0.4.0 2.48 24.59 27.07 NOTE
r-release-linux-x86_64 0.4.0 2.34 24.78 27.12 NOTE
r-release-macos-arm64 0.4.0 20.00 NOTE
r-release-macos-x86_64 0.4.0 27.00 NOTE
r-release-windows-x86_64 0.4.0 4.00 47.00 51.00 NOTE
r-oldrel-macos-arm64 0.4.0 19.00 NOTE
r-oldrel-macos-x86_64 0.4.0 24.00 NOTE
r-oldrel-windows-x86_64 0.4.0 5.00 52.00 57.00 NOTE

Check Details

Version: 0.4.0
Check: LazyData
Result: NOTE 'LazyData' is specified without a 'data' directory Flavors: r-patched-linux-x86_64, r-release-linux-x86_64, r-release-macos-arm64, r-release-macos-x86_64, r-release-windows-x86_64, r-oldrel-macos-arm64, r-oldrel-macos-x86_64, r-oldrel-windows-x86_64