Last updated on 2025-02-21 02:52:10 CET.
Flavor | Version | Tinstall | Tcheck | Ttotal | Status | Flags |
---|---|---|---|---|---|---|
r-devel-linux-x86_64-debian-clang | 7.0.2 | 94.92 | 86.83 | 181.75 | OK | |
r-devel-linux-x86_64-debian-gcc | 7.0.2 | 60.44 | 64.16 | 124.60 | OK | |
r-devel-linux-x86_64-fedora-clang | 7.0.2 | 354.90 | OK | |||
r-devel-linux-x86_64-fedora-gcc | 7.0.2 | 318.31 | OK | |||
r-devel-macos-arm64 | 7.0.2 | 79.00 | OK | |||
r-devel-macos-x86_64 | 7.0.2 | 114.00 | OK | |||
r-devel-windows-x86_64 | 7.0.2 | 98.00 | 121.00 | 219.00 | OK | |
r-patched-linux-x86_64 | 7.0.2 | 85.96 | 79.51 | 165.47 | OK | |
r-release-linux-x86_64 | 7.0.2 | 81.80 | 79.56 | 161.36 | OK | |
r-release-macos-arm64 | 7.0.2 | 81.00 | NOTE | |||
r-release-macos-x86_64 | 7.0.2 | 150.00 | NOTE | |||
r-release-windows-x86_64 | 7.0.2 | 96.00 | 119.00 | 215.00 | OK | |
r-oldrel-macos-arm64 | 7.0.2 | 87.00 | NOTE | |||
r-oldrel-macos-x86_64 | 7.0.2 | 132.00 | NOTE | |||
r-oldrel-windows-x86_64 | 7.0.2 | 114.00 | 157.00 | 271.00 | OK |
Version: 7.0.2
Check: installed package size
Result: NOTE
installed size is 5.7Mb
sub-directories of 1Mb or more:
doc 1.3Mb
libs 3.6Mb
Flavors: r-release-macos-arm64, r-release-macos-x86_64, r-oldrel-macos-arm64, r-oldrel-macos-x86_64