Last updated on 2025-02-16 14:50:31 CET.
Flavor | Version | Tinstall | Tcheck | Ttotal | Status | Flags |
---|---|---|---|---|---|---|
r-devel-linux-x86_64-debian-clang | 1.1.1 | 6.25 | 36.17 | 42.42 | NOTE | |
r-devel-linux-x86_64-debian-gcc | 1.1.1 | 4.77 | 25.01 | 29.78 | NOTE | |
r-devel-linux-x86_64-fedora-clang | 1.1.1 | 69.23 | NOTE | |||
r-devel-linux-x86_64-fedora-gcc | 1.1.1 | 64.71 | NOTE | |||
r-devel-macos-arm64 | 1.1.1 | 22.00 | NOTE | |||
r-devel-macos-x86_64 | 1.1.1 | 41.00 | NOTE | |||
r-devel-windows-x86_64 | 1.1.1 | 9.00 | 69.00 | 78.00 | NOTE | |
r-patched-linux-x86_64 | 1.1.1 | 6.83 | 33.53 | 40.36 | NOTE | |
r-release-linux-x86_64 | 1.1.1 | 5.99 | 34.00 | 39.99 | NOTE | |
r-release-macos-arm64 | 1.1.1 | 22.00 | NOTE | |||
r-release-macos-x86_64 | 1.1.1 | 36.00 | NOTE | |||
r-release-windows-x86_64 | 1.1.1 | 10.00 | 67.00 | 77.00 | NOTE | |
r-oldrel-macos-arm64 | 1.1.1 | 23.00 | NOTE | |||
r-oldrel-macos-x86_64 | 1.1.1 | 37.00 | NOTE | |||
r-oldrel-windows-x86_64 | 1.1.1 | 11.00 | 73.00 | 84.00 | NOTE |
Version: 1.1.1
Check: package subdirectories
Result: NOTE
Problems with news in ‘NEWS.md’:
No news entries found.
Flavors: r-devel-linux-x86_64-debian-clang, r-devel-linux-x86_64-debian-gcc, r-devel-linux-x86_64-fedora-clang, r-devel-linux-x86_64-fedora-gcc, r-devel-macos-arm64, r-devel-macos-x86_64, r-devel-windows-x86_64, r-patched-linux-x86_64, r-release-linux-x86_64, r-release-macos-arm64, r-release-macos-x86_64, r-release-windows-x86_64, r-oldrel-macos-arm64, r-oldrel-macos-x86_64, r-oldrel-windows-x86_64
Version: 1.1.1
Check: LazyData
Result: NOTE
'LazyData' is specified without a 'data' directory
Flavors: r-patched-linux-x86_64, r-release-linux-x86_64, r-release-macos-arm64, r-release-macos-x86_64, r-release-windows-x86_64, r-oldrel-macos-arm64, r-oldrel-macos-x86_64, r-oldrel-windows-x86_64