CRAN Package Check Results for Package evmix

Last updated on 2025-02-18 02:50:35 CET.

Flavor Version Tinstall Tcheck Ttotal Status Flags
r-devel-linux-x86_64-debian-clang 2.12 29.28 171.19 200.47 NOTE
r-devel-linux-x86_64-debian-gcc 2.12 17.30 109.57 126.87 NOTE
r-devel-linux-x86_64-fedora-clang 2.12 336.70 NOTE
r-devel-linux-x86_64-fedora-gcc 2.12 301.02 NOTE
r-devel-macos-arm64 2.12 60.00 NOTE
r-devel-macos-x86_64 2.12 137.00 NOTE
r-devel-windows-x86_64 2.12 25.00 172.00 197.00 NOTE
r-patched-linux-x86_64 2.12 33.99 158.37 192.36 NOTE
r-release-linux-x86_64 2.12 24.64 160.64 185.28 NOTE
r-release-macos-arm64 2.12 74.00 NOTE
r-release-macos-x86_64 2.12 101.00 NOTE
r-release-windows-x86_64 2.12 28.00 168.00 196.00 NOTE
r-oldrel-macos-arm64 2.12 63.00 NOTE
r-oldrel-macos-x86_64 2.12 83.00 NOTE
r-oldrel-windows-x86_64 2.12 34.00 194.00 228.00 OK

Check Details

Version: 2.12
Check: Rd files
Result: NOTE checkRd: (-1) fmgammagpd.Rd:183: Lost braces; missing escapes or markup? 183 | \item {nlumgammagpd} and {proflumgammagpd} - \code{c(mgshape, mgscale, mgweight[1:(M-1)], sigmau, xi)} | ^ checkRd: (-1) fmgammagpdcon.Rd:181: Lost braces; missing escapes or markup? 181 | \item {nlumgammagpdcon} and {proflumgammagpdcon} - \code{c(mgshape, mgscale, mgweight[1:(M-1)], xi)} | ^ checkRd: (-1) kernels.Rd:87: Lost braces 87 | code{\link[evmix:kernels]{kd*}} and \code{\link[evmix:kernels]{kp*}} give the | ^ Flavors: r-devel-linux-x86_64-debian-clang, r-devel-linux-x86_64-debian-gcc, r-devel-linux-x86_64-fedora-clang, r-devel-linux-x86_64-fedora-gcc, r-devel-macos-arm64, r-devel-macos-x86_64, r-devel-windows-x86_64, r-patched-linux-x86_64, r-release-linux-x86_64, r-release-macos-arm64, r-release-macos-x86_64, r-release-windows-x86_64

Version: 2.12
Check: installed package size
Result: NOTE installed size is 5.9Mb sub-directories of 1Mb or more: R 2.0Mb doc 2.9Mb Flavors: r-release-macos-arm64, r-release-macos-x86_64, r-oldrel-macos-arm64, r-oldrel-macos-x86_64