Last updated on 2025-02-21 02:52:10 CET.
Flavor | Version | Tinstall | Tcheck | Ttotal | Status | Flags |
---|---|---|---|---|---|---|
r-devel-linux-x86_64-debian-clang | 0.10.0 | 76.31 | 366.72 | 443.03 | NOTE | |
r-devel-linux-x86_64-debian-gcc | 0.10.0 | 55.81 | 238.70 | 294.51 | NOTE | |
r-devel-linux-x86_64-fedora-clang | 0.10.0 | 732.46 | NOTE | |||
r-devel-linux-x86_64-fedora-gcc | 0.10.0 | 695.98 | NOTE | |||
r-devel-macos-arm64 | 0.10.0 | 174.00 | NOTE | |||
r-devel-macos-x86_64 | 0.10.0 | 428.00 | NOTE | |||
r-devel-windows-x86_64 | 0.10.0 | 78.00 | 331.00 | 409.00 | NOTE | |
r-patched-linux-x86_64 | 0.10.0 | 71.58 | 341.48 | 413.06 | NOTE | |
r-release-linux-x86_64 | 0.10.0 | 72.85 | 340.02 | 412.87 | NOTE | |
r-release-macos-arm64 | 0.10.0 | 190.00 | NOTE | |||
r-release-macos-x86_64 | 0.10.0 | 297.00 | NOTE | |||
r-release-windows-x86_64 | 0.10.0 | 84.00 | 336.00 | 420.00 | NOTE | |
r-oldrel-macos-arm64 | 0.10.0 | 168.00 | NOTE | |||
r-oldrel-macos-x86_64 | 0.10.0 | 530.00 | NOTE | |||
r-oldrel-windows-x86_64 | 0.10.0 | 95.00 | 436.00 | 531.00 | NOTE |
Version: 0.10.0
Check: C++ specification
Result: NOTE
Specified C++14: please drop specification unless essential
Flavors: r-devel-linux-x86_64-debian-clang, r-devel-linux-x86_64-debian-gcc, r-devel-linux-x86_64-fedora-clang, r-devel-linux-x86_64-fedora-gcc, r-devel-macos-arm64, r-devel-macos-x86_64, r-devel-windows-x86_64, r-patched-linux-x86_64, r-release-linux-x86_64, r-release-macos-arm64, r-release-macos-x86_64, r-release-windows-x86_64, r-oldrel-macos-arm64, r-oldrel-macos-x86_64, r-oldrel-windows-x86_64
Version: 0.10.0
Check: installed package size
Result: NOTE
installed size is 7.5Mb
sub-directories of 1Mb or more:
libs 6.6Mb
Flavors: r-release-macos-arm64, r-release-macos-x86_64, r-oldrel-macos-arm64, r-oldrel-macos-x86_64