Last updated on 2025-02-21 02:52:10 CET.
Flavor | Version | Tinstall | Tcheck | Ttotal | Status | Flags |
---|---|---|---|---|---|---|
r-devel-linux-x86_64-debian-clang | 0.4.0 | 2.72 | 28.16 | 30.88 | OK | |
r-devel-linux-x86_64-debian-gcc | 0.4.0 | 2.25 | 21.45 | 23.70 | OK | |
r-devel-linux-x86_64-fedora-clang | 0.4.0 | 50.10 | OK | |||
r-devel-linux-x86_64-fedora-gcc | 0.4.0 | 46.50 | OK | |||
r-devel-macos-arm64 | 0.4.0 | 21.00 | OK | |||
r-devel-macos-x86_64 | 0.4.0 | 35.00 | OK | |||
r-devel-windows-x86_64 | 0.4.0 | 4.00 | 52.00 | 56.00 | OK | |
r-patched-linux-x86_64 | 0.4.0 | 2.65 | 26.50 | 29.15 | NOTE | |
r-release-linux-x86_64 | 0.4.0 | 2.66 | 26.74 | 29.40 | NOTE | |
r-release-macos-arm64 | 0.4.0 | 24.00 | NOTE | |||
r-release-macos-x86_64 | 0.4.0 | 32.00 | NOTE | |||
r-release-windows-x86_64 | 0.4.0 | 5.00 | 51.00 | 56.00 | NOTE | |
r-oldrel-macos-arm64 | 0.4.0 | 27.00 | NOTE | |||
r-oldrel-macos-x86_64 | 0.4.0 | 29.00 | NOTE | |||
r-oldrel-windows-x86_64 | 0.4.0 | 5.00 | 52.00 | 57.00 | NOTE |
Version: 0.4.0
Check: LazyData
Result: NOTE
'LazyData' is specified without a 'data' directory
Flavors: r-patched-linux-x86_64, r-release-linux-x86_64, r-release-macos-arm64, r-release-macos-x86_64, r-release-windows-x86_64, r-oldrel-macos-arm64, r-oldrel-macos-x86_64, r-oldrel-windows-x86_64