Last updated on 2025-02-21 02:52:10 CET.
Flavor | Version | Tinstall | Tcheck | Ttotal | Status | Flags |
---|---|---|---|---|---|---|
r-devel-linux-x86_64-debian-clang | 2.0.0 | 4.96 | 57.25 | 62.21 | NOTE | |
r-devel-linux-x86_64-debian-gcc | 2.0.0 | 3.58 | 42.76 | 46.34 | NOTE | |
r-devel-linux-x86_64-fedora-clang | 2.0.0 | 94.66 | NOTE | |||
r-devel-linux-x86_64-fedora-gcc | 2.0.0 | 100.37 | NOTE | |||
r-devel-macos-arm64 | 2.0.0 | 39.00 | OK | |||
r-devel-macos-x86_64 | 2.0.0 | 69.00 | NOTE | |||
r-devel-windows-x86_64 | 2.0.0 | 6.00 | 78.00 | 84.00 | NOTE | |
r-patched-linux-x86_64 | 2.0.0 | 5.29 | 56.51 | 61.80 | OK | |
r-release-linux-x86_64 | 2.0.0 | 5.06 | 56.93 | 61.99 | OK | |
r-release-macos-arm64 | 2.0.0 | 32.00 | OK | |||
r-release-macos-x86_64 | 2.0.0 | 52.00 | OK | |||
r-release-windows-x86_64 | 2.0.0 | 6.00 | 79.00 | 85.00 | OK | |
r-oldrel-macos-arm64 | 2.0.0 | 44.00 | OK | |||
r-oldrel-macos-x86_64 | 2.0.0 | 68.00 | OK | |||
r-oldrel-windows-x86_64 | 2.0.0 | 10.00 | 102.00 | 112.00 | OK |
Version: 2.0.0
Check: DESCRIPTION meta-information
Result: NOTE
Missing dependency on R >= 4.1.0 because package code uses the pipe
|> or function shorthand \(...) syntax added in R 4.1.0.
File(s) using such syntax:
‘compute_fct_adjs.R’ ‘guess_measure_sets.R’ ‘mutate_expecvar.R’
‘mutate_metrics.R’ ‘summarise_measures.R’ ‘validators.R’
Flavors: r-devel-linux-x86_64-debian-clang, r-devel-linux-x86_64-debian-gcc, r-devel-linux-x86_64-fedora-clang, r-devel-linux-x86_64-fedora-gcc, r-devel-macos-x86_64, r-devel-windows-x86_64