Last updated on 2024-05-11 14:48:10 CEST.
Flavor | Version | Tinstall | Tcheck | Ttotal | Status | Flags |
---|---|---|---|---|---|---|
r-devel-linux-x86_64-debian-clang | 1.10.0 | 560.64 | 96.27 | 656.91 | OK | |
r-devel-linux-x86_64-debian-gcc | 1.10.0 | 384.26 | 73.58 | 457.84 | OK | |
r-devel-linux-x86_64-fedora-clang | 1.10.0 | 985.71 | OK | |||
r-devel-linux-x86_64-fedora-gcc | 1.10.0 | 1019.42 | OK | |||
r-devel-windows-x86_64 | 1.10.0 | 371.00 | 132.00 | 503.00 | OK | |
r-patched-linux-x86_64 | 1.10.0 | 519.14 | 95.37 | 614.51 | OK | |
r-release-linux-x86_64 | 1.10.0 | 499.64 | 91.95 | 591.59 | OK | |
r-release-macos-arm64 | 1.10.0 | 144.00 | NOTE | |||
r-release-windows-x86_64 | 1.10.0 | 377.00 | 130.00 | 507.00 | OK | |
r-oldrel-macos-arm64 | 1.10.0 | 171.00 | NOTE | |||
r-oldrel-macos-x86_64 | 1.10.0 | 193.00 | NOTE | |||
r-oldrel-windows-x86_64 | 1.10.0 | 396.00 | 148.00 | 544.00 | OK |
Version: 1.10.0
Check: installed package size
Result: NOTE
installed size is 12.1Mb
sub-directories of 1Mb or more:
libs 11.4Mb
Flavors: r-release-macos-arm64, r-oldrel-macos-arm64, r-oldrel-macos-x86_64