Last updated on 2025-02-21 02:52:10 CET.
Flavor | Version | Tinstall | Tcheck | Ttotal | Status | Flags |
---|---|---|---|---|---|---|
r-devel-linux-x86_64-debian-clang | 0.0.4 | 5.03 | 42.44 | 47.47 | NOTE | |
r-devel-linux-x86_64-debian-gcc | 0.0.4 | 3.15 | 31.65 | 34.80 | NOTE | |
r-devel-linux-x86_64-fedora-clang | 0.0.4 | 75.74 | NOTE | |||
r-devel-linux-x86_64-fedora-gcc | 0.0.4 | 70.26 | NOTE | |||
r-devel-macos-arm64 | 0.0.4 | 25.00 | NOTE | |||
r-devel-macos-x86_64 | 0.0.4 | 44.00 | NOTE | |||
r-devel-windows-x86_64 | 0.0.4 | 7.00 | 66.00 | 73.00 | NOTE | |
r-patched-linux-x86_64 | 0.0.4 | 4.92 | 40.46 | 45.38 | NOTE | |
r-release-linux-x86_64 | 0.0.4 | 4.80 | 40.14 | 44.94 | NOTE | |
r-release-macos-arm64 | 0.0.4 | 27.00 | NOTE | |||
r-release-macos-x86_64 | 0.0.4 | 45.00 | NOTE | |||
r-release-windows-x86_64 | 0.0.4 | 7.00 | 65.00 | 72.00 | NOTE | |
r-oldrel-macos-arm64 | 0.0.4 | 29.00 | NOTE | |||
r-oldrel-macos-x86_64 | 0.0.4 | 38.00 | NOTE | |||
r-oldrel-windows-x86_64 | 0.0.4 | 8.00 | 73.00 | 81.00 | NOTE |
Version: 0.0.4
Check: Rd files
Result: NOTE
checkRd: (-1) codePasses.Rd:64: Escaped LaTeX specials: \#
Flavors: r-devel-linux-x86_64-debian-clang, r-devel-linux-x86_64-debian-gcc, r-devel-linux-x86_64-fedora-clang, r-devel-linux-x86_64-fedora-gcc, r-devel-macos-arm64, r-devel-macos-x86_64, r-devel-windows-x86_64, r-patched-linux-x86_64, r-release-linux-x86_64, r-release-macos-arm64, r-release-macos-x86_64, r-release-windows-x86_64, r-oldrel-macos-arm64, r-oldrel-macos-x86_64, r-oldrel-windows-x86_64